NOAA-Style Climate Reports


Report for 2019 December
                   Monthly Climatological Summary for Dec 2019

Name: CW9610   City: McLouth   State: KS
Elevation: 1151 ft  Lat: N 39 11 39   Lon: W 095 14 17

                  Temperature (°F), Rain (in), Wind Speed (mph)

                                      Heat  Cool        Avg
    Mean                              Deg   Deg         Wind                 Dom
Day Temp  High   Time   Low    Time   Days  Days  Rain  Speed High   Time    Dir
----------------------------------------------------------------------------------
01  32.9  35.4  3:50AM  28.3 11:58PM  32.1   0.0  0.00  13.4  36.0  3:05AM   WNW
02  31.6  44.1  3:20PM  21.9  7:46AM  33.4   0.0  0.00   3.9  16.0  6:27AM   WNW
03  42.1  57.3  3:38PM  31.4  6:38AM  22.9   1.0  0.00   4.3  12.0 12:36PM     W
04  44.5  58.0  4:09PM  33.2  7:33AM  20.3   1.0  0.00   2.7  12.0 10:54AM     W
05  47.8  62.1  3:39PM  36.3  6:01AM  17.2   2.2  0.00   2.8  19.0 11:44PM    SW
06  34.4  45.0 12:00AM  29.8  9:43AM  30.6   0.0  0.00   6.3  27.0  2:07AM   NNW
07  36.9  49.6  3:01PM  26.0  7:33AM  28.1   0.0  0.00   4.2  15.0 10:33AM     S
08  44.9  50.2  2:13PM  38.5  1:12AM  20.0   0.0  0.00   3.1  19.0  3:29AM   SSW
09  31.5  47.1  1:02AM  18.5 11:35PM  33.5   0.0  0.00   7.6  29.0  9:35AM    NW
10  24.2  31.6  2:10PM  16.8 12:57AM  40.8   0.0  0.00   4.1  17.0 11:04AM   WNW
11  35.1  47.8  3:10PM  22.5 12:59AM  29.7   0.0  0.00   4.0  15.0  5:40AM   SSW
12  43.6  50.4  3:01PM  38.8 12:00AM  21.4   0.0  0.00   6.4  24.0  7:28AM   SSW
13  41.7  54.6  3:39PM  33.2  6:10AM  23.3   0.4  0.00   2.6  15.0 10:41PM   WSW
14  26.8  34.2 12:00AM  21.1  7:55PM  38.0   0.0  0.00   7.1  22.0  2:17AM   NNW
15  22.5  23.8  2:57PM  20.7 11:59PM  42.4   0.0  0.00   5.2  14.0  7:45AM    NE
16  21.1  23.7  2:34PM  19.3  6:49AM  43.8   0.0  0.00   5.3  13.0  8:00PM   NNW
17  23.2  32.1  2:50PM  16.3  7:01AM  41.8   0.0  0.04   3.1   8.0  3:35AM     W
18  28.0  36.2  2:28PM  18.9  6:26AM  37.0   0.0  0.00   3.5  12.0  3:01PM   SSW
19  38.5  46.9  2:10PM  31.7  7:51AM  26.5   0.0  0.00   4.6  12.0 12:33PM     S
20  38.8  46.4  3:14PM  32.9  7:06AM  26.2   0.0  0.00   3.7  20.0 10:30AM   SSW
21  37.4  46.7  2:06PM  30.8  6:53AM  27.6   0.0  0.00   3.6  12.0 10:43AM   SSW
22  38.5  49.3  2:27PM  32.6  6:53AM  26.4   0.0  0.01   4.4  12.0  1:57PM   SSW
23  42.9  55.9  2:30PM  32.3  6:47AM  22.1   0.7  0.00   4.3  15.0  1:10PM   SSW
24  49.6  61.3  3:06PM  40.0  7:33AM  15.4   2.7  0.00   5.6  16.0 10:06AM     S
25  55.1  62.9  3:44PM  47.5  7:16AM   9.9   5.3  0.00   6.6  19.0 11:49AM   SSW
26  35.5  54.7 12:00AM  30.3 11:58PM  29.6   0.4  0.00   5.3  13.0 12:24AM    NW
27  33.4  42.0  3:25PM  24.6  7:48AM  31.6   0.0  0.00   4.4  16.0  9:00PM     E
28  49.5  56.7  3:15PM  37.1 12:00AM  15.5   1.9  1.30   4.7  18.0 11:50PM    SE
29  36.5  52.1 12:00AM  29.4  8:50PM  28.4   0.0  0.01   8.1  26.0  9:52PM   WSW
30  31.4  32.5  6:53PM  30.3 11:53PM  33.6   0.0  0.00  10.8  31.0  8:15AM   WNW
31  33.2  41.9  3:33PM  27.1  8:08AM  31.8   0.0  0.00   6.3  21.0 12:15AM     W
----------------------------------------------------------------------------------
    36.6  62.9    25    16.3    17   880.9  15.6  1.36   5.2  36.0     1     WSW

Max >=  80.0  0
Max <=  90.0 31
Min <=  32.0 20
Min <=  10.0  0
Max Rain: 1.30 on day 28
Days of Rain: 1 (>= 0.20 in)  0 (>= 2.00 in)  0 (>= 20.00 in)
Heat Base: 65.0  Cool Base: 50.0  Method: Integration