NOAA-Style Climate Reports


Report for 2019 October
                   Monthly Climatological Summary for Oct 2019

Name: CW9610   City: McLouth   State: KS
Elevation: 1151 ft  Lat: N 39 11 39   Lon: W 095 14 17

                  Temperature (°F), Rain (in), Wind Speed (mph)

                                      Heat  Cool        Avg
    Mean                              Deg   Deg         Wind                 Dom
Day Temp  High   Time   Low    Time   Days  Days  Rain  Speed High   Time    Dir
----------------------------------------------------------------------------------
01  78.3  87.8  2:15PM  70.6  7:27AM   0.0  28.2  0.01   4.0  19.0 11:14AM   SSW
02  68.6  84.3  2:22PM  55.5 11:52PM   1.7  18.5  1.05   3.3  11.0 10:08AM   WNW
03  52.2  56.6  3:19PM  48.1  6:38AM  12.8   2.5  0.00   3.4  12.0  2:05AM   NNW
04  52.1  55.3 11:56PM  48.7  7:22AM  12.9   2.3  0.09   5.3  17.0 10:56AM   ENE
05  61.5  71.4  4:14PM  54.4 11:25PM   4.5  11.5  0.53   3.2  16.0  9:08AM   SSW
06  55.8  66.7  4:08PM  50.0  7:51AM   9.2   5.8  0.00   1.0  14.0  3:54PM   NNW
07  58.9  71.7  4:23PM  48.8  5:15AM   7.5   9.0  0.00   1.5   7.0 10:29AM    NW
08  58.4  71.9  4:00PM  46.1  7:14AM   7.7   8.5  0.00   1.7  18.0 12:25PM     S
09  56.1  62.1 11:25PM  51.2  3:32AM   8.8   6.1  0.12   3.4  19.0  3:57PM   SSE
10  57.4  69.9  3:08PM  39.9 10:10PM   8.0   9.5  0.00   4.5  21.0  6:23PM   WSW
11  39.9  46.4  4:08PM  34.8 11:05PM  25.0   0.0  0.00   6.7  24.0  2:21PM   WNW
12  48.3  67.6  4:18PM  31.9  7:22AM  16.9   5.1  0.00   5.3  25.0  5:07PM    SW
13  52.4  63.9  4:59PM  40.8  6:40AM  12.6   4.5  0.00   1.4  12.0  3:24PM     W
14  58.0  73.0  3:54PM  44.3  2:53AM   8.5   8.9  0.00   2.0  13.0  2:32PM   SSE
15  57.0  62.9  2:35PM  43.1 11:41PM   8.0   7.5  0.00   5.5  17.0  2:19PM    NW
16  47.0  58.3  5:33PM  37.9  4:54AM  17.9   1.5  0.00   2.3  11.0  7:51AM    NW
17  52.8  68.8  4:23PM  38.6  7:32AM  12.6   6.1  0.00   2.0  12.0  9:50AM     S
18  60.0  72.6  4:16PM  48.3  5:42AM   6.4  10.0  0.00   4.0  17.0 10:50AM     S
19  57.2  66.3  5:31PM  52.4  7:33AM   7.8   7.2  0.07   1.2   8.0 12:00PM   WNW
20  55.4  64.4  2:44PM  43.8  7:19AM   9.6   6.3  0.57   3.6  23.0 10:23PM   ESE
21  50.1  56.4 12:00AM  43.3  7:55AM  14.9   1.4  0.02   8.0  27.0  2:13PM     W
22  48.6  58.1  4:40PM  41.5  6:26AM  16.3   1.9  0.00   7.2  32.0 12:11PM     W
23  54.6  67.5  2:11PM  45.8 12:00AM  10.6   5.4  0.00   4.1  22.0 11:33AM   WSW
24  42.5  49.1 12:00AM  38.3 11:56PM  22.5   0.0  0.00   3.9  14.0 12:30AM   NNE
25  43.0  52.6  4:20PM  34.7  8:01AM  22.0   0.3  0.00   1.8  13.0 11:30AM    NE
26  46.6  61.9  3:49PM  33.8  6:55AM  18.4   2.4  0.00   1.1  11.0 10:11AM   ENE
27  45.9  53.8  3:21PM  39.3  7:47AM  19.0   0.4  0.00   4.7  15.0  7:25PM   NNW
28  35.6  41.1 12:00AM  30.8 10:51PM  29.3   0.0  0.00   4.6  15.0  2:38AM   NNW
29  31.5  32.7  3:10PM  30.2  8:44AM  33.5   0.0  0.06   3.1  11.0  4:43PM   NNE
30  31.3  33.7 11:52AM  27.5 10:35PM  33.7   0.0  0.00   5.6  18.0 10:01AM   NNW
31  30.2  40.0  4:16PM  22.0  7:58AM  34.6   0.0  0.04   3.6  15.0 11:51AM     W
----------------------------------------------------------------------------------
    51.2  87.8     1    22.0    31   453.2 170.8  2.56   3.6  32.0    22     WNW

Max >=  80.0  2
Max <=  90.0 31
Min <=  32.0  5
Min <=  10.0  0
Max Rain: 1.05 on day 2
Days of Rain: 3 (>= 0.20 in)  0 (>= 2.00 in)  0 (>= 20.00 in)
Heat Base: 65.0  Cool Base: 50.0  Method: Integration