NOAA-Style Climate Reports


Report for 2019 August
                   Monthly Climatological Summary for Aug 2019

Name: CW9610   City: McLouth   State: KS
Elevation: 1151 ft  Lat: N 39 11 39   Lon: W 095 14 17

                  Temperature (°F), Rain (in), Wind Speed (mph)

                                      Heat  Cool        Avg
    Mean                              Deg   Deg         Wind                 Dom
Day Temp  High   Time   Low    Time   Days  Days  Rain  Speed High   Time    Dir
----------------------------------------------------------------------------------
01  72.9  81.6  5:19PM  66.9  5:16AM   0.0  22.8  1.37   2.6  15.0  1:26AM     E
02  73.0  79.6  4:32PM  67.5  7:00AM   0.0  23.0  0.00   3.3  14.0  6:57PM     E
03  75.5  82.9  3:30PM  68.6  6:04AM   0.0  25.4  0.00   2.3  13.0  2:13PM   ENE
04  77.7  88.4  4:43PM  67.2  6:10AM   0.0  27.6  0.00   0.5   7.0  1:13PM    SE
05  78.3  88.8  3:23PM  69.6  6:37AM   0.0  28.3  0.00   0.7   8.0  9:36AM    SW
06  79.8  88.8  3:34PM  72.6  6:40AM   0.0  29.7  0.00   1.2  10.0  2:56PM   WNW
07  74.3  82.5  6:12PM  66.8  7:57AM   0.0  24.2  1.55   1.2  14.0  6:16AM     W
08  74.8  84.0  5:43PM  68.0  5:09AM   0.0  24.7  0.01   1.4  12.0  1:23PM   WSW
09  77.5  87.0  4:10PM  68.6  6:34AM   0.0  27.4  0.00   1.0  10.0  1:31PM   ENE
10  79.3  88.6  4:16PM  71.3  6:45AM   0.0  29.3  0.00   0.7  11.0 10:21AM    SE
11  78.3  84.4  5:14PM  72.2  8:43AM   0.0  28.2  0.22   3.0  18.0  6:46AM   ESE
12  81.0  92.8  3:56PM  69.8  6:08AM   0.0  30.9  0.00   2.5  22.0  4:23AM     E
13  79.3  86.7  2:38PM  72.2 11:07PM   0.0  29.3  0.00   1.1   9.0  3:07PM     N
14  74.5  82.5  4:23PM  66.7 11:58PM   0.0  24.4  0.00   1.5   9.0  9:47AM   NNW
15  72.5  82.6  5:48PM  62.3  5:28AM   0.3  22.4  0.00   2.2  19.0 10:32PM     E
16  73.4  82.8  5:28PM  65.2  6:04AM   0.0  23.4  0.03   2.1  17.0  3:46PM     S
17  74.5  86.7  3:58PM  61.0  2:20AM   0.2  24.3  2.89   3.6  34.0  2:13AM    SE
18  78.4  88.5  5:45PM  69.7  3:23AM   0.0  28.4  0.78   3.1  27.0  2:11AM     S
19  80.3  90.6  3:00PM  70.0  5:56AM   0.0  30.2  0.00   2.4  13.0  4:47PM     E
20  83.1  90.8  5:10PM  78.4  6:15AM   0.0  33.0  0.00   3.6  19.0  1:08PM   SSE
21  74.2  79.9 12:01AM  68.4  6:21AM   0.0  24.2  0.19   2.7  15.0  4:41AM    NE
22  73.4  79.0  4:36PM  69.2  7:10AM   0.0  23.3  0.00   4.3  13.0 12:28AM   ENE
23  73.6  80.5  3:20PM  67.8  6:49AM   0.0  23.5  0.00   6.1  19.0  5:48PM   ENE
24  69.3  74.0  1:07PM  66.3  6:44AM   0.0  19.3  0.00   5.2  18.0  2:56PM     E
25  67.8  71.5  4:33PM  66.0  8:05AM   0.0  17.7  0.74   3.4  15.0  6:03AM     E
26  68.3  75.8  4:10PM  64.9  6:57AM   0.0  18.2  1.22   2.0  22.0 10:36AM   ENE
27  69.9  80.0  3:28PM  59.8  7:30AM   0.6  19.8  0.02   2.2  17.0  3:16PM    NW
28  71.3  82.8  4:38PM  60.5  7:02AM   1.0  21.2  0.00   2.0  11.0  3:52PM   WSW
29  76.8  89.6  4:33PM  65.0  3:19AM   0.0  26.8  0.23   3.8  30.0 10:43PM   SSW
30  68.6  75.4  4:52PM  63.3 11:57PM   0.1  17.3  0.71  13.5  25.0  2:00AM   ENE
31  66.2  72.2  2:25PM  58.8  6:52AM   1.6  16.2  0.00  ----  11.0  6:13AM   ENE
----------------------------------------------------------------------------------
    74.8  92.8    12    58.8    31     3.8 764.4  9.96   2.5  34.0    17       E

Max >=  80.0 23
Max <=  90.0 28
Min <=  32.0  0
Min <=  10.0  0
Max Rain: 2.89 on day 17
Days of Rain: 9 (>= 0.20 in)  1 (>= 2.00 in)  0 (>= 20.00 in)
Heat Base: 65.0  Cool Base: 50.0  Method: Integration