NOAA-Style Climate Reports


Report for 2019 July
                   Monthly Climatological Summary for Jul 2019

Name: CW9610   City: McLouth   State: KS
Elevation: 1151 ft  Lat: N 39 11 39   Lon: W 095 14 17

                  Temperature (°F), Rain (in), Wind Speed (mph)

                                      Heat  Cool        Avg
    Mean                              Deg   Deg         Wind                 Dom
Day Temp  High   Time   Low    Time   Days  Days  Rain  Speed High   Time    Dir
----------------------------------------------------------------------------------
01  80.7  89.7  4:05PM  71.0  5:31AM   0.0  30.6  0.00   2.1  11.0 10:19AM    SW
02  81.1  89.6  4:19PM  72.6  6:11AM   0.0  30.9  0.00   1.3  11.0 10:18AM   SSW
03  77.7  86.3 12:46PM  70.7  6:24AM   0.0  27.7  0.00   1.6  17.0  4:25PM   SSW
04  74.1  80.9  6:10PM  70.4  3:25AM   0.0  24.0  0.21   1.2  11.0  2:15PM   SSE
05  76.3  82.1  1:00PM  71.5  5:10AM   0.0  26.2  0.94   1.7  17.0  1:16PM   NNW
06  76.7  85.4  6:00PM  70.7  5:32AM   0.0  26.6  0.00   1.2  10.0 12:57PM     N
07  78.5  86.0  2:50PM  72.2  6:25AM   0.0  28.4  0.00   1.6  10.0 12:20PM    NE
08  79.4  87.1  2:59PM  71.4  6:21AM   0.0  29.3  0.00   1.6  11.0 12:47PM     E
09  80.9  91.4  5:32PM  69.0  7:25AM   0.0  30.8  0.54   1.9  23.0  6:23AM   SSW
10  78.2  85.7  5:32PM  68.3  8:43AM   0.0  28.0  0.30   1.7  32.0  8:34AM    NW
11  75.1  83.6  5:40PM  66.5  3:50AM   0.0  25.2  0.00   1.7  10.0  1:10PM   NNW
12  77.6  87.2  3:50PM  66.2  6:20AM   0.0  27.3  0.00   0.5   8.0  1:55PM   ESE
13  79.6  89.9  5:23PM  68.7  6:34AM   0.0  29.5  0.00   0.6  10.0  2:10PM    SE
14  80.5  90.2  4:59PM  69.3  6:12AM   0.0  30.4  0.00   0.9  10.0  6:34PM   ESE
15  75.6  82.9  3:25PM  66.5  6:14AM   0.0  25.5  0.00   2.1  15.0  1:27PM     E
16  78.5  90.1  4:32PM  66.9  5:58AM   0.0  28.4  0.00   0.8  11.0  3:56PM    SW
17  84.1  94.7  4:44PM  73.8  5:06AM   0.0  34.1  0.00   2.3  19.0  4:53PM   SSW
18  86.0  94.3  3:51PM  78.0  6:33AM   0.0  35.9  0.00   4.8  19.0  5:04PM   SSW
19  86.6  95.7  3:33PM  78.5  6:23AM   0.0  36.5  0.00   4.0  18.0  8:20AM   SSW
20  86.3  95.8  4:08PM  77.4  6:14AM   0.0  36.2  0.00   3.1  16.0  8:42AM   SSW
21  75.1  84.0 12:00AM  69.0  7:06AM   0.0  25.0  0.97   5.4  31.0  1:23AM   ENE
22  72.0  79.1  2:25PM  64.7 11:57PM   0.0  21.9  0.00   3.5  13.0 12:07PM     N
23  68.7  77.3  2:44PM  58.0  6:01AM   1.4  18.7  0.00   1.5  13.0  1:57PM    NE
24  72.2  81.9  4:54PM  63.4  5:23AM   0.2  22.1  0.00   0.6   9.0  1:20PM   SSE
25  72.4  82.3  4:29PM  62.2  5:38AM   0.4  22.3  0.00   1.2  13.0 11:58AM     S
26  75.7  86.9  3:29PM  65.2  6:30AM   0.0  25.7  0.00   1.9  18.0 12:12PM   SSW
27  77.2  87.5  5:46PM  66.9  6:23AM   0.0  27.1  0.00   2.6  15.0  4:06PM    SW
28  79.3  89.9  4:11PM  70.1  6:13AM   0.0  29.2  0.00   2.5  18.0 11:03AM   SSW
29  77.7  85.9  3:41PM  70.9  6:21AM   0.0  27.6  0.00   2.5  13.0 12:31AM   NNW
30  75.3  85.2  3:58PM  67.1  7:17AM   0.0  25.3  0.00   1.9  11.0  1:27PM   ENE
31  73.8  82.3  4:16PM  67.1  7:43AM   0.0  23.7  0.30   3.7  18.0  2:22PM     E
----------------------------------------------------------------------------------
    77.8  95.8    20    58.0    23     2.0 860.1  3.26   2.1  32.0    10       S

Max >=  80.0 29
Max <=  90.0 24
Min <=  32.0  0
Min <=  10.0  0
Max Rain: 0.97 on day 21
Days of Rain: 6 (>= 0.20 in)  0 (>= 2.00 in)  0 (>= 20.00 in)
Heat Base: 65.0  Cool Base: 50.0  Method: Integration