NOAA-Style Climate Reports


Report for 2019 January
                   Monthly Climatological Summary for Jan 2019

Name: CW9610   City: McLouth   State: KS
Elevation: 1151 ft  Lat: N 39 11 39   Lon: W 095 14 17

                  Temperature (°F), Rain (in), Wind Speed (mph)

                                      Heat  Cool        Avg
    Mean                              Deg   Deg         Wind                 Dom
Day Temp  High   Time   Low    Time   Days  Days  Rain  Speed High   Time    Dir
----------------------------------------------------------------------------------
01  15.6  18.6 12:11AM  13.8  9:28AM  49.3   0.0  0.00   6.1  17.0 12:34AM    NW
02  25.1  34.8  3:15PM  16.7 12:00AM  39.9   0.0  0.00   4.2  15.0 12:20PM    SW
03  32.8  46.8  2:08PM  21.8  6:23AM  32.2   0.0  0.00   2.1   9.0  9:02AM    SW
04  40.6  52.4  1:56PM  29.1  6:11AM  24.4   0.3  0.00   2.4  11.0  2:48PM   WSW
05  46.0  60.9  3:13PM  34.4  7:33AM  18.9   2.0  0.00   1.6  11.0 12:49PM    SW
06  49.8  57.9 11:27PM  40.4  6:20AM  15.1   3.1  0.00   6.7  26.0  3:57PM     S
07  53.4  58.5  5:43AM  44.5 11:34PM  11.6   4.2  0.03   5.6  22.0 12:26AM    SW
08  42.9  49.8  2:53PM  32.6 11:59PM  22.0   0.0  0.00   8.3  26.0  2:30PM   WNW
09  30.9  36.6  3:23PM  25.7 11:18PM  34.0   0.0  0.00   4.9  19.0 10:52AM    NW
10  31.0  40.6  3:53PM  21.8  5:53AM  33.9   0.0  0.00   3.8  13.0  2:12PM    SE
11  35.4  38.9  3:56AM  32.1 11:27PM  29.5   0.0  0.37   3.5  13.0  5:26PM    SE
12  30.0  32.1 12:00AM  28.8 11:57PM  34.6   0.0  0.00   5.1  10.0  1:16AM     E
13  28.7  30.0  3:36PM  27.4 10:25PM  36.0   0.0  0.00   2.9  10.0 12:00AM   ENE
14  27.8  31.4 11:54PM  25.6 10:50AM  37.1   0.0  0.00   3.3  13.0 12:15PM    SW
15  31.9  32.7  2:09PM  30.9  8:05AM  33.1   0.0  0.09   4.7  15.0  1:24PM    SW
16  30.9  31.8 11:04PM  29.6  2:09AM  33.9   0.0  0.02   4.7  14.0  5:47PM    NE
17  31.3  31.9  5:58PM  30.3  8:30AM  33.6   0.0  0.04   1.6   7.0 12:09AM     N
18  32.1  35.7 11:39AM  22.2 11:58PM  32.9   0.0  0.17   5.2  27.0 11:46PM   NNE
19  13.8  22.2 12:00AM   8.5 11:13PM  51.2   0.0  0.00  12.1  31.0  3:45AM   NNW
20  14.5  23.5  1:51PM   7.2  5:04AM  50.3   0.0  0.00   5.8  21.0  5:49PM     E
21  24.4  33.2 11:53PM  15.6  4:32AM  40.5   0.0  0.00   9.1  25.0  5:01PM   ESE
22  31.4  38.4 11:35AM  18.8 11:58PM  33.5   0.0  0.12   7.9  24.0  2:59PM     N
23  19.6  27.8  3:32PM  12.1  7:53AM  45.3   0.0  0.01   3.8  16.0 12:03AM   WNW
24  19.6  27.5  7:00AM   7.0 11:46PM  45.2   0.0  0.00   7.6  30.0  9:16AM    NW
25  21.0  35.6  3:45PM   4.1  3:58AM  44.0   0.0  0.00   4.8  23.0  9:28AM    SW
26  31.1  40.9  3:32PM  21.8  4:12AM  33.9   0.0  0.02   3.0  12.0  9:26AM   WNW
27  34.0  44.9 11:21PM  22.4  7:46AM  30.9   0.0  0.01   5.8  20.0 11:20PM     S
28  27.7  44.7 12:06AM  15.9 11:54PM  37.2   0.0  0.08  12.6  41.0 10:45AM    NW
29  16.4  27.5 10:08AM   6.3 11:58PM  48.4   0.0  0.00   5.8  19.0 12:51PM    NW
30  -0.3   6.3 12:00AM  -5.9  6:58AM  65.2   0.0  0.00   5.2  20.0 12:48AM     N
31  18.5  34.7  4:07PM   2.6 12:00AM  46.3   0.0  0.00   4.4  16.0  6:12AM   ESE
----------------------------------------------------------------------------------
    28.6  60.9     5    -5.9    30  1123.9   9.6  0.96   5.3  41.0    28      NW

Max >=  80.0  0
Max <=  90.0 31
Min <=  32.0 26
Min <=  10.0  7
Max Rain: 0.37 on day 11
Days of Rain: 1 (>= 0.20 in)  0 (>= 2.00 in)  0 (>= 20.00 in)
Heat Base: 65.0  Cool Base: 50.0  Method: Integration