NOAA-Style Climate Reports


Report for 2019
                   Annual Climatological Summary for 2019

Name: CW9610   City: McLouth   State: KS
Elevation: 1151 ft  Lat: N 39 11 39   Lon: W 095 14 17

                  Temperature (°F), Heat Base: 65.0  Cool Base: 50.0
                          Dep.  Heat  Cool                       Max  Max  Min  Min
        Mean  Mean        From  Deg   Deg                        >=   <=   <=   <=
 YR MO  Max   Min   Mean  Norm  Days  Days  Hi  Date  Low  Date 80.0 90.0 32.0  10.0
------------------------------------------------------------------------------------
 19  1  36.4  20.8  28.6   1.6  1124    10  60.9   5  -5.9   30    0   31   26    7
 19  2  34.4  19.9  26.8  -7.2  1066     9  63.4   3   4.4    8    0   28   26    3
 19  3  48.4  31.6  39.7  -4.3   746    39  71.0  27  -1.9    4    0   31   14    4
 19  4  67.3  46.3  56.6   1.6   291   247  83.9  10  31.2   12    4   30    2    0
 19  5  71.5  54.4  62.6  -1.4   174   402  88.4  16  40.4   10    8   31    0    0
 19  6  84.1  63.8  73.4   0.4    18   701  94.2  29  52.2   13   23   26    0    0
 19  7  86.8  69.2  77.8  -0.2     2   860  95.8  20  58.0   23   29   24    0    0
 19  8  83.3  67.2  74.8  -1.2     4   764  92.8  12  58.8   31   23   28    0    0
 19  9  84.4  66.1  74.5   6.5    11   719  93.5   3  54.5   26   24   21    0    0
 19 10  60.9  42.5  51.2  -5.8   453   171  87.8   1  22.0   31    2   31    5    0
 19 11  50.5  31.2  40.2  -2.8   744    36  67.9   9   5.8   12    0   30   13    2
 19 12  46.2  29.0  36.6   5.6   881    16  62.9  25  16.3   17    0   31   20    0
------------------------------------------------------------------------------------
        62.9  45.1  53.6  -0.6  5513  3973  95.8 Jul  -5.9  Jan  113  342  106   16

                                Precipitation (in)

              Dep.   Max        Days of Rain
              From   Obs.           >=
 YR MO Total  Norm   Day Date 0.20 2.0020.00
---------------------------------------------
 19  1  0.96 -0.10  0.37  11     1    0    0
 19  2  0.98 -0.12  0.30  23     3    0    0
 19  3  2.49 -0.11  0.51  29     6    0    0
 19  4  4.34  1.15  2.20  30     5    1    0
 19  5  7.93  2.58  1.35  20    12    0    0
 19  6  7.42  2.46  2.05  22     6    1    0
 19  7  3.26 -1.03  0.97  21     6    0    0
 19  8  9.96  6.14  2.89  17     9    1    0
 19  9  3.94 -0.86  1.66  28     4    0    0
 19 10  2.56 -0.51  1.05   2     3    0    0
 19 11  0.95 -1.57  0.57  30     2    0    0
 19 12  1.36 -0.18  1.30  28     1    0    0
---------------------------------------------
       46.15  7.85  2.89  Aug   58    3    0

                                Wind Speed (mph)
                          Dom
 YR MO   Avg.  Hi   Date  Dir
------------------------------
 19  1   5.3  41.0   28    NW
 19  2   6.3  31.0   23     N
 19  3   5.7  38.0   14   NNW
 19  4   5.1  32.0   27   WSW
 19  5   2.5  30.0    6    NE
 19  6   1.6  24.0   21     W
 19  7   2.1  32.0   10     S
 19  8   2.6  34.0   17     E
 19  9   2.8  24.0   30     S
 19 10   3.6  32.0   22   WNW
 19 11   4.9  37.0   30   WNW
 19 12   5.2  36.0    1   WSW
------------------------------
         4.0  41.0  Jan   WNW