NOAA-Style Climate Reports


Report for 2018 September
                   Monthly Climatological Summary for Sep 2018

Name: CW9610   City: McLouth   State: KS
Elevation: 1151 ft  Lat: N 39 11 39   Lon: W 095 14 17

                  Temperature (°F), Rain (in), Wind Speed (mph)

                                      Heat  Cool        Avg
    Mean                              Deg   Deg         Wind                 Dom
Day Temp  High   Time   Low    Time   Days  Days  Rain  Speed High   Time    Dir
----------------------------------------------------------------------------------
01  81.9  90.9  3:25PM  74.1  6:40AM   0.0  31.8  0.00   4.1  16.0  3:03AM   SSW
02  77.4  88.0  3:01PM  71.5  6:47AM   0.0  27.3  0.29   2.9  14.0  9:57AM     S
03  77.9  86.9  3:46PM  73.5  6:58AM   0.0  27.8  0.06   1.8  14.0  3:08PM   SSW
04  75.9  81.4 11:37AM  72.8  6:42AM   0.0  25.9  0.11   3.0  18.0 11:00AM     S
05  72.5  74.4  5:34PM  69.9 11:57PM   0.0  22.4  0.28   0.9  10.0  9:43AM   SSW
06  69.6  71.8  4:23PM  67.7  3:45AM   0.0  19.7  0.00   4.0  17.0  2:30PM    NE
07  66.7  68.9 12:00AM  63.6  9:37PM   0.2  16.7  0.04   4.6  17.0  9:32PM    NE
08  64.4  70.4  4:39PM  60.7 11:59PM   1.4  14.2  0.00   5.2  17.0 11:18AM    NE
09  64.0  73.8  4:58PM  54.2  6:38AM   3.4  13.9  0.00   1.6  13.0  5:22PM   ENE
10  68.2  78.1  5:18PM  59.0  5:08AM   1.4  18.0  0.00   0.6   9.0  2:50PM    SE
11  69.5  80.0  2:15PM  59.5  6:09AM   1.2  19.5  0.00   1.4  16.0  4:15PM     S
12  69.7  79.8  3:54PM  59.5  7:07AM   1.1  19.5  0.00   1.6  13.0  1:29PM   SSE
13  71.6  80.0  2:39PM  64.7  6:20AM   0.0  21.5  0.00   2.0  14.0 10:33AM     S
14  77.0  88.9  4:01PM  67.1  5:52AM   0.0  26.7  0.01   1.4  14.0 11:19AM   SSW
15  79.9  89.9  2:47PM  70.6  7:02AM   0.0  29.6  0.00   0.8  10.0  2:13PM    SE
16  78.6  89.8  4:13PM  69.4  6:51AM   0.0  28.5  0.00   0.9  15.0 12:24PM   SSE
17  79.2  91.0  4:49PM  69.4  7:13AM   0.0  29.2  0.00   1.5  14.0  2:48PM   SSW
18  80.9  92.7  3:12PM  70.5  7:25AM   0.0  30.9  0.00   1.9  16.0  3:12PM   SSW
19  81.1  93.2  3:09PM  70.4  7:07AM   0.0  31.0  0.00   2.3  16.0  2:16PM   SSW
20  81.5  91.9  3:23PM  70.9 11:58PM   0.0  31.5  0.00   5.2  26.0 12:40PM   SSW
21  64.3  70.9 12:00AM  55.2 11:58PM   1.8  14.3  0.11   3.7  17.0 11:48AM   NNW
22  59.5  72.2  5:16PM  46.4  7:19AM   6.8   9.8  0.00   2.4  11.0  9:06AM   ENE
23  65.5  77.7  4:25PM  52.8  6:28AM   3.2  15.4  0.00   1.4  14.0  2:45PM   ESE
24  68.5  79.0  4:04PM  59.8  3:30AM   1.1  18.5  0.00   1.3  13.0  1:35PM     S
25  64.6  78.5  1:34PM  52.4 11:58PM   2.1  14.6  0.00   3.3  23.0  1:41PM    NW
26  56.5  69.0  4:43PM  45.8  7:36AM   8.8   7.0  0.00   1.2  12.0  1:36PM   NNW
27  58.9  74.1  3:45PM  46.3  6:26AM   8.0   9.6  0.00   2.3  16.0  1:02PM   SSW
28  55.2  63.1  2:14PM  47.6 11:56PM   9.8   5.2  0.02   4.9  22.0  1:34PM    NE
29  56.4  68.1  8:04PM  44.9  5:35AM   9.3   8.0  0.06   3.6  16.0 10:14AM     E
30  69.6  74.2  4:32PM  65.5  9:18PM   0.0  19.4  0.00   1.9  13.0  1:52AM   SSW
----------------------------------------------------------------------------------
    70.2  93.2    19    44.9    29    59.6 607.4  0.98   2.5  26.0    20      SE

Max >=  80.0 13
Max <=  90.0 25
Min <=  32.0  0
Min <=  10.0  0
Max Rain: 0.29 on day 2
Days of Rain: 2 (>= 0.20 in)  0 (>= 2.00 in)  0 (>= 20.00 in)
Heat Base: 65.0  Cool Base: 50.0  Method: Integration