NOAA-Style Climate Reports


Report for 2018 July
                   Monthly Climatological Summary for Jul 2018

Name: CW9610   City: McLouth   State: KS
Elevation: 1151 ft  Lat: N 39 11 39   Lon: W 095 14 17

                  Temperature (°F), Rain (in), Wind Speed (mph)

                                      Heat  Cool        Avg
    Mean                              Deg   Deg         Wind                 Dom
Day Temp  High   Time   Low    Time   Days  Days  Rain  Speed High   Time    Dir
----------------------------------------------------------------------------------
01  75.5  83.8  3:17PM  69.0  5:06AM   0.0  25.4  0.08   1.7  14.0 12:04PM   WSW
02  78.6  88.0  4:23PM  68.0  6:07AM   0.0  28.5  0.00   1.0  11.0  2:56PM   ESE
03  83.4  95.3  4:57PM  71.7  6:16AM   0.0  33.3  0.00   2.2  13.0  3:39PM   SSE
04  83.6  93.0  3:18PM  73.5  6:20AM   0.0  33.5  0.00   1.5  12.0  1:09PM     S
05  81.8  90.8  1:44PM  72.5  6:20AM   0.0  31.7  0.00   1.3  13.0  5:03PM     N
06  80.3  89.0  3:46PM  73.0  7:03AM   0.0  30.2  0.00   4.4  17.0  8:54AM    NE
07  77.2  87.7  4:09PM  67.6  5:54AM   0.0  27.0  0.00   3.4  14.0 12:52PM     E
08  77.7  91.0  4:56PM  64.6  6:09AM   0.0  27.4  0.00   1.1  11.0 12:19PM    SE
09  82.4  96.2  5:01PM  69.6  6:06AM   0.0  32.3  0.00   0.9  10.0  6:12PM   SSW
10  85.4  97.1  4:09PM  73.1  5:55AM   0.0  35.3  0.00   1.1  12.0  7:15PM     E
11  86.7  97.5  3:28PM  75.2  6:35AM   0.0  36.6  0.00   1.1  14.0  5:06PM   SSE
12  87.8  99.4  4:10PM  75.7  6:11AM   0.0  37.7  0.00   1.6  13.0 12:39PM   SSW
13  84.9  97.4  4:49PM  74.3 11:55PM   0.0  34.7  0.00   2.9  17.0 12:53PM    SW
14  78.7  87.6 11:01AM  72.4  3:59AM   0.0  28.6  0.00   0.7   8.0  4:30PM    NW
15  82.1  93.0  2:35PM  70.9  6:30AM   0.0  32.2  0.00   0.6  13.0  4:57PM   ENE
16  83.4  93.2  4:03PM  73.9  6:05AM   0.0  33.3  0.00   1.4  15.0  2:47PM    NE
17  75.0  80.0  1:19PM  71.7 11:13PM   0.0  24.9  0.15   3.2  15.0  5:26PM   ENE
18  76.4  85.1  4:52PM  70.4  4:50AM   0.0  26.3  0.00   3.4  16.0  3:50PM     E
19  81.4  96.9  1:46PM  71.2 11:31PM   0.0  31.3  0.00   2.0  18.0  3:47PM   WSW
20  78.4  90.7 12:33PM  70.8 12:43AM   0.0  28.4  0.00   1.2  12.0 10:23AM   NNE
21  77.7  89.1  4:26PM  67.0  6:00AM   0.0  27.7  0.01   1.8  15.0 11:27AM     N
22  77.0  87.8  4:34PM  65.4  6:05AM   0.0  26.9  0.00   2.0  14.0 11:35AM    NE
23  75.3  85.4  4:12PM  65.1  6:17AM   0.0  25.3  0.00   1.6  15.0  5:32PM   NNE
24  77.5  88.6  3:55PM  67.1  4:56AM   0.0  27.4  0.00   1.7  12.0  9:23AM   NNE
25  78.4  91.0  3:46PM  67.6  4:48AM   0.0  28.3  0.00   1.2  13.0 12:39PM   SSE
26  73.2  84.6  5:45PM  63.6 10:24AM   0.0  23.2  0.07   1.7  15.0  6:30PM    NE
27  74.9  86.1  3:37PM  63.8  6:39AM   0.1  24.9  0.00   2.2  11.0 10:43AM   ENE
28  74.5  83.0  1:20PM  66.9  6:26AM   0.0  24.4  0.00   3.8  18.0 11:23AM     E
29  70.4  77.2  5:16PM  65.8  9:05AM   0.0  20.3  0.39   3.3  16.0  4:02PM   ENE
30  69.8  78.2  6:31PM  62.9  6:55AM   0.3  19.8  0.00   2.5  15.0  9:56PM   ENE
31  72.7  84.4  4:31PM  60.0  6:27AM   1.1  22.6  0.00   1.3  13.0  1:22PM   NNE
----------------------------------------------------------------------------------
    78.8  99.4    12    60.0    31     1.5 889.4  0.70   1.9  18.0    19     ENE

Max >=  80.0 29
Max <=  90.0 17
Min <=  32.0  0
Min <=  10.0  0
Max Rain: 0.39 on day 29
Days of Rain: 1 (>= 0.20 in)  0 (>= 2.00 in)  0 (>= 20.00 in)
Heat Base: 65.0  Cool Base: 50.0  Method: Integration