NOAA-Style Climate Reports


Report for 2018 June
                   Monthly Climatological Summary for Jun 2018

Name: CW9610   City: McLouth   State: KS
Elevation: 1151 ft  Lat: N 39 11 39   Lon: W 095 14 17

                  Temperature (°F), Rain (in), Wind Speed (mph)

                                      Heat  Cool        Avg
    Mean                              Deg   Deg         Wind                 Dom
Day Temp  High   Time   Low    Time   Days  Days  Rain  Speed High   Time    Dir
----------------------------------------------------------------------------------
01  84.2  94.2  2:15PM  73.5  6:50AM   0.0  34.0  0.00   2.7  15.0  1:37PM   SSE
02  74.3  82.4 12:00AM  65.4  4:44AM   0.0  24.3  0.65   5.0  45.0  3:59AM   NNW
03  71.8  82.3  3:15PM  60.0  6:13AM   0.7  21.9  0.00   1.7  14.0  2:39PM    NW
04  70.4  80.0  5:12PM  63.7  4:50AM   0.0  20.4  0.00   1.3  14.0  3:23PM     E
05  75.0  88.5  5:59PM  59.9  5:51AM   0.8  25.0  0.00   1.4  10.0  9:41AM   SSW
06  80.1  91.9  3:54PM  66.8  6:03AM   0.0  30.1  0.00   1.4  25.0 11:59PM   SSW
07  76.1  84.6  6:49PM  68.6  6:14AM   0.0  26.2  0.00   2.9  32.0 12:22AM   ENE
08  79.5  92.1  3:39PM  67.0  6:02AM   0.0  29.6  0.00   1.2  12.0  9:36AM   SSW
09  80.8  91.9  4:36PM  71.8  6:32AM   0.0  30.8  0.00   3.5  21.0  3:09PM   SSW
10  84.6  95.7  4:05PM  74.5  5:23AM   0.0  34.6  0.00   4.3  20.0  2:55PM   SSW
11  83.6  95.2  4:52PM  66.9 11:59PM   0.0  33.6  0.60   3.2  25.0 10:33PM   SSE
12  76.2  89.5  4:46PM  66.3 12:03AM   0.0  26.3  0.09   2.1  21.0 12:01AM   SSW
13  75.4  80.0  5:34PM  70.7  6:41AM   0.0  25.4  0.00   4.8  19.0  6:35PM   ENE
14  82.4  94.9  3:14PM  70.0  3:25AM   0.0  32.5  0.00   3.4  21.0  5:27PM     S
15  84.0  93.7  2:39PM  74.0  5:55AM   0.0  34.0  0.00   3.8  22.0  3:26PM   SSW
16  83.6  93.3  3:32PM  74.6  3:39AM   0.0  33.6  0.00   3.8  21.0  1:18PM   SSW
17  83.8  92.8  3:49PM  73.5  6:06AM   0.0  33.8  0.00   3.5  22.0  1:23PM   SSW
18  83.1  91.9  3:02PM  73.7  6:04AM   0.0  33.2  0.00   3.7  22.0  5:21PM   SSW
19  78.0  81.5  7:06PM   0.0  6:39PM   0.0  10.6  1.24   1.7   9.0  6:00PM     S
20  76.0  82.5  5:49PM  69.4 11:59PM   0.0  25.9  0.01   1.8  15.0  8:26AM     W
21  65.7  70.2  5:05PM  61.7  6:37AM   0.7  15.6  0.19   3.7  17.0  3:07PM   WNW
22  66.3  69.6  4:54PM  64.0 10:19PM   0.1  16.1  0.00   1.7   8.0  5:41PM    NW
23  73.4  85.0  6:02PM  62.9  6:29AM   0.5  23.4  0.00   0.9   9.0  4:35PM    SW
24  73.9  83.2 12:45PM  67.5  2:28PM   0.0  23.9  0.47   1.3  20.0  2:07PM    SE
25  73.8  82.6  5:18PM  67.9  6:21AM   0.0  23.7  0.16   3.6  19.0  8:52AM    SE
26  76.6  87.6  5:27PM  67.1  6:39AM   0.0  26.5  0.17   1.7  17.0 12:13PM   WSW
27  81.4  91.4  5:46PM  70.8  6:15AM   0.0  31.3  0.00   1.3  13.0  1:20PM   ESE
28  87.0  98.8  4:47PM  77.7  6:26AM   0.0  36.9  0.00   2.7  14.0 10:22AM   SSW
29  86.4  95.8  4:09PM  77.9  6:06AM   0.0  36.3  0.00   5.4  21.0  1:11PM   SSW
30  82.8  94.8  5:36PM  72.1 11:25PM   0.0  32.8  0.11   3.5  26.0 10:14PM     S
----------------------------------------------------------------------------------
    78.3  98.8    28     0.0    19     2.8 832.3  3.69   2.8  45.0     2     SSW

Max >=  80.0 28
Max <=  90.0 15
Min <=  32.0  1
Min <=  10.0  1
Max Rain: 1.24 on day 19
Days of Rain: 4 (>= 0.20 in)  0 (>= 2.00 in)  0 (>= 20.00 in)
Heat Base: 65.0  Cool Base: 50.0  Method: Integration