NOAA-Style Climate Reports


Report for 2018 February
                   Monthly Climatological Summary for Feb 2018

Name: CW9610   City: McLouth   State: KS
Elevation: 351 ft  Lat: N 39 11 39   Lon: W 095 14 17

                  Temperature (°F), Rain (in), Wind Speed (mph)

                                      Heat  Cool        Avg
    Mean                              Deg   Deg         Wind                 Dom
Day Temp  High   Time   Low    Time   Days  Days  Rain  Speed High   Time    Dir
----------------------------------------------------------------------------------
01  25.7  41.5  2:03AM  12.5 11:33PM  39.3   0.0  0.00   9.2  26.0  5:36AM   NNW
02  22.5  34.6  3:44PM   8.6  6:43AM  42.6   0.0  0.00   3.9  16.0  3:02PM     S
03  39.8  49.2  2:03PM  32.0 12:45AM  25.0   0.0  0.00   7.7  29.0 12:20PM   SSW
04  15.8  37.2 12:00AM   3.2 11:05PM  49.2   0.0  0.00   9.9  27.0  2:33AM   NNW
05  11.0  20.1  4:43PM   0.4  3:33AM  54.1   0.0  0.00   3.8  14.0 11:52AM     W
06  12.9  16.8  4:03PM   8.9  1:58AM  51.9   0.0  0.00   4.9  13.0  4:54PM   NNE
07  18.0  28.1  4:18PM   8.2  5:48AM  47.0   0.0  0.00   3.0  14.0  9:58AM    NW
08  36.0  52.4  4:08PM  21.2  2:04AM  29.1   0.1  0.00   4.6  18.0 12:51PM   SSW
09  30.7  44.3 12:00AM  15.5 11:54PM  34.3   0.0  0.00   8.4  21.0 11:16AM     N
10  15.7  21.2  3:26PM  10.0  8:07AM  49.3   0.0  0.00   8.7  18.0 12:01AM     N
11  20.4  32.7  4:26PM  10.7  7:18AM  44.6   0.0  0.00   4.8  17.0  3:16AM    NW
12  24.4  34.7  3:23PM  12.6  7:24AM  40.6   0.0  0.00   7.0  21.0  7:25PM     E
13  36.8  49.2  2:54PM  26.7  4:59AM  28.2   0.0  0.00   6.0  22.0 12:49PM   SSE
14  47.3  61.7  4:22PM  37.2  2:00AM  17.8   1.8  0.00   5.1  19.0  9:11AM   SSW
15  54.3  62.8 10:22AM  34.9 11:58PM  10.7   6.1  0.00   8.1  31.0  8:38PM   WNW
16  29.2  37.1  4:20PM  20.9  9:03AM  35.8   0.0  0.00   6.4  28.0  2:53AM   NNW
17  41.2  53.9  4:26PM  28.8 12:56AM  23.8   0.5  0.00   4.3  20.0  2:38PM     W
18  47.1  56.5  4:00PM  33.7  1:09AM  17.9   2.1  0.00   9.8  34.0 11:40AM     S
19  41.7  65.1  7:47AM  28.2 11:02PM  23.3   3.3  0.00   8.1  31.0  3:31AM     W
20  24.8  29.8  8:23AM  18.2 11:59PM  40.2   0.0  0.00   6.9  18.0  7:18AM   NNW
21  21.4  27.6  3:56PM  13.6  6:01AM  43.6   0.0  0.00   6.3  16.0 10:54PM   NNE
22  30.3  33.8  9:22PM  26.8  1:49AM  34.7   0.0  0.00   3.7  13.0  8:55AM   ENE
23  33.5  34.9  4:32PM  32.2  8:55AM  31.4   0.0  0.27   2.1  15.0 11:24PM    NE
24  35.3  39.4  1:01PM  31.9 10:41PM  29.8   0.0  0.28   6.4  17.0  4:32PM    NE
25  39.9  52.2  2:32PM  28.0  4:58AM  25.3   0.2  0.00   3.4  17.0  1:43PM    SW
26  48.0  62.6  3:29PM  34.1  6:26AM  17.0   3.2  0.00   4.7  19.0  1:08PM   SSW
27  55.4  69.8  3:32PM  43.2  5:36AM  10.1   6.9  0.00   8.3  28.0  9:48AM   SSW
28  52.0  59.7  4:29PM  41.6 11:59PM  13.0   3.0  0.01   4.7  25.0 11:16PM   NNW
----------------------------------------------------------------------------------
    32.5  69.8    27     0.4     5   909.6  27.2  0.56   6.1  34.0    18      NW

Max >=  80.0  0
Max <=  90.0 28
Min <=  32.0 21
Min <=  10.0  6
Max Rain: 0.28 on day 24
Days of Rain: 2 (>= 0.20 in)  0 (>= 2.00 in)  0 (>= 20.00 in)
Heat Base: 65.0  Cool Base: 50.0  Method: Integration