NOAA-Style Climate Reports


Report for 2018
                   Annual Climatological Summary for 2018

Name: CW9610   City: McLouth   State: KS
Elevation: 1151 ft  Lat: N 39 11 39   Lon: W 095 14 17

                  Temperature (°F), Heat Base: 65.0  Cool Base: 50.0
                          Dep.  Heat  Cool                       Max  Max  Min  Min
        Mean  Mean        From  Deg   Deg                        >=   <=   <=   <=
 YR MO  Max   Min   Mean  Norm  Days  Days  Hi  Date  Low  Date 80.0 90.0 32.0  10.0
------------------------------------------------------------------------------------
 18  1  38.3  18.7  28.0   1.0  1148    12  65.2  25 -10.5    1    0   31   25    8
 18  2  43.2  22.3  32.5  -1.5   910    27  69.8  27   0.4    5    0   28   21    6
 18  3  55.7  36.0  45.3   1.3   587    58  76.5  15  20.0    8    0   30    9    0
 18  4  60.7  38.3  49.3  -5.7   511   184  82.8  11  18.8    4    4   30   11    0
 18  5  86.4  65.9  75.7  11.7     8   796  96.0  26  57.3    4   29   24    0    0
 18  6  87.9  66.7  78.3   5.3     3   832  98.8  28   0.0   19   28   15    1    1
 18  7  89.3  69.2  78.8   0.8     2   889  99.4  12  60.0   31   29   17    0    0
 18  8  87.6  68.4  77.4   1.4     4   828  97.8   5  58.6   29   24   17    0    0
 18  9  79.6  61.9  70.2   2.2    60   607  93.2  19  44.9   29   13   25    0    0
 18 10  65.3  46.6  55.3  -1.7   325   215  89.9   3  29.5   15    4   31    2    0
 18 11  45.2  27.8  36.2  -6.8   864    13  61.5  24  11.8   10    0   30   19    0
 18 12  43.6  26.8  35.0   4.0   929     4  56.2  18  16.6    9    0   31   23    0
------------------------------------------------------------------------------------
        65.2  45.7  55.2   1.0  5348  4466  99.4 Jul -10.5  Jan  131  309  111   15

                                Precipitation (in)

              Dep.   Max        Days of Rain
              From   Obs.           >=
 YR MO Total  Norm   Day Date 0.20 2.0020.00
---------------------------------------------
 18  1  0.34 -0.72  0.16  11     0    0    0
 18  2  0.56 -0.54  0.28  24     2    0    0
 18  3  1.02 -1.58  0.70  19     1    0    0
 18  4  0.78 -2.41  0.44  25     1    0    0
 18  5  3.91 -1.44  1.67   2     3    0    0
 18  6  3.69 -1.27  1.24  19     4    0    0
 18  7  0.70 -3.59  0.39  29     1    0    0
 18  8  5.47  1.65  1.47  19     7    0    0
 18  9  0.98 -3.82  0.29   2     2    0    0
 18 10  5.17  2.10  1.47   6     5    0    0
 18 11  0.79 -1.73  0.28   5     2    0    0
 18 12  2.51  0.97  1.12  26     3    0    0
---------------------------------------------
       25.92-12.38  1.67  May   31    0    0

                                Wind Speed (mph)
                          Dom
 YR MO   Avg.  Hi   Date  Dir
------------------------------
 18  1   5.9  37.0   26   WSW
 18  2   6.1  34.0   18   WNW
 18  3   7.2  36.0    6     N
 18  4   6.5  33.0    3   NNW
 18  5   2.7  25.0    1   SSW
 18  6   2.8  45.0    2   SSW
 18  7   1.9  18.0   19   ENE
 18  8   2.7  26.0   27   SSW
 18  9   2.5  26.0   20    SE
 18 10   2.8  28.0    3    NW
 18 11   4.2  34.0   25   NNW
 18 12   4.8  35.0   27   WNW
------------------------------
         4.2  45.0  Jun   WNW