NOAA-Style Climate Reports


Report for 2017 June
                   Monthly Climatological Summary for Jun 2017

Name: CW9610   City: McLouth   State: KS
Elevation: 1151 ft  Lat: N 39 11 39   Lon: W 095 14 17

                  Temperature (°F), Rain (in), Wind Speed (mph)

                                      Heat  Cool        Avg
    Mean                              Deg   Deg         Wind                 Dom
Day Temp  High   Time   Low    Time   Days  Days  Rain  Speed High   Time    Dir
----------------------------------------------------------------------------------
01  67.9  75.7  1:16PM  61.8  6:06AM   0.7   3.6  1.63   1.0  11.0  8:00AM     S
02  74.4  83.3  3:26PM  64.9  6:26AM   0.0   9.4  0.01   1.7  14.0 12:45PM     S
03  75.3  83.4  2:02PM  67.2  4:35AM   0.0  10.3  0.00   0.8  12.0  2:45PM    SE
04  74.7  82.2  1:06PM  68.8  4:49AM   0.0   9.7  0.00   0.8  14.0  2:28PM     E
05  78.5  90.1  2:53PM  66.9  5:46AM   0.0  13.6  0.00   1.4  11.0  3:53PM    NE
06  72.1  79.2  5:13PM  64.2  6:04AM   0.0   7.1  0.00   4.3  16.0  8:52AM   ENE
07  71.1  79.5  4:36PM  60.6  6:00AM   0.5   6.6  0.00   1.6  13.0 11:30AM   ENE
08  72.6  81.6  5:11PM  63.3  6:01AM   0.1   7.7  0.00   1.1  10.0  1:37PM   SSW
09  73.4  84.9  5:18PM  60.8  5:14AM   0.7   9.1  0.00   3.0  16.0  5:19PM   SSW
10  77.3  88.6  4:06PM  67.0  5:37AM   0.0  12.3  0.00   6.3  27.0  4:09PM   SSW
11  80.5  90.5  3:18PM  71.4  5:58AM   0.0  15.5  0.00   7.6  25.0 12:46PM   SSW
12  80.4  90.3  3:39PM  68.5  6:01AM   0.0  15.4  0.00   4.3  20.0 10:48AM   SSW
13  81.0  89.0  3:44PM  73.2  6:11AM   0.0  16.0  0.00   5.0  24.0 12:06PM     S
14  79.0  88.5  6:34PM  68.3 11:51PM   0.0  14.0  0.09   3.7  32.0  5:50AM   SSW
15  77.2  92.3  5:07PM  64.3 12:55AM   0.0  12.2  0.00   1.5  29.0 10:54PM   SSW
16  79.0  89.7  4:57PM  67.5  5:48AM   0.0  14.0  0.00  ----  24.0 11:57PM   SSW
17  76.9  90.4  4:36PM  66.4 12:47AM   0.0  11.9  2.02  ----  34.0 12:28AM    SW
18  71.9  79.1  4:57PM  64.5  6:47AM   0.0   6.9  0.19  ----  18.0 11:44AM    NW
19  74.8  84.8  2:59PM  66.0  3:45AM   0.0   9.8  0.00  ----  15.0  9:56AM   WSW
20  78.5  91.3  3:37PM  67.3  4:29AM   0.0  13.5  0.00  ----  15.0 12:11PM    SW
21  81.1  89.7  3:07PM  72.6  5:37AM   0.0  16.1  0.00  ----  22.0  3:28PM   SSW
22  78.7  86.5  2:53PM  69.1  6:34AM   0.0  13.7  0.00  ----  24.0 10:55AM     S
23  73.2  77.5 12:48PM  64.7 11:59PM   0.0   8.2  0.00  ----  21.0  6:04AM     N
24  69.0  78.5  3:54PM  56.9  6:15AM   1.5   5.5  0.00  ----  15.0  4:28PM    NW
25  65.0  75.2  1:37PM  58.6 10:43PM   2.0   2.0  0.06  ----  12.0  9:48AM    NW
26  62.0  71.7  4:28PM  54.7  5:07AM   4.0   1.0  0.06  ----  21.0  2:01PM     E
27  69.1  80.4  4:48PM  56.6  5:53AM   2.4   6.5  0.01  ----  19.0  7:11PM   SSE
28  79.3  88.4  4:34PM  72.1  5:15AM   0.0  14.3  0.00  ----  28.0  1:51PM   SSW
29  74.4  81.2  6:36PM  65.3  8:07AM   0.0   9.4  1.94  ----  20.0  6:16AM     S
30  72.1  79.3  4:32PM  66.5  4:00AM   0.0   7.1  0.63  ----  17.0  2:17AM    NW
----------------------------------------------------------------------------------
    74.7  92.3    15    54.7    26    11.9 302.4  6.64   3.0  34.0    17       S

Max >=  70.0 30
Max <=  40.0  0
Min <=  32.0  0
Min <=   5.0  0
Max Rain: 2.02 on day 17
Days of Rain: 4 (>= 0.20 in)  1 (>= 2.00 in)  0 (>= 20.00 in)
Heat Base: 65.0  Cool Base: 65.0  Method: Integration