NOAA-Style Climate Reports


Report for 2017 May
                   Monthly Climatological Summary for May 2017

Name: CW9610   City: McLouth   State: KS
Elevation: 1151 ft  Lat: N 39 11 39   Lon: W 095 14 17

                  Temperature (°F), Rain (in), Wind Speed (mph)

                                      Heat  Cool        Avg
    Mean                              Deg   Deg         Wind                 Dom
Day Temp  High   Time   Low    Time   Days  Days  Rain  Speed High   Time    Dir
----------------------------------------------------------------------------------
01  47.6  60.8  6:27PM  37.9  6:34AM  17.0   0.0  0.00   5.1  28.0  3:30PM   WNW
02  57.1  65.9  4:25PM  47.6  6:26AM   7.9   0.0  0.03   2.1  12.0 10:34AM   WNW
03  50.4  54.1 12:00AM  44.5 11:51PM  14.6   0.0  0.15   3.2  15.0  9:37AM   ENE
04  54.8  66.9  4:13PM  42.6  1:24AM  10.4   0.2  0.00   6.3  28.0  3:58PM   NNW
05  61.0  73.6  5:12PM  46.2  5:25AM   6.4   2.4  0.00   2.6  15.0  4:52PM    NW
06  66.4  77.4  4:10PM  54.7  4:19AM   2.9   4.2  0.00   3.1  16.0  1:41PM   NNE
07  68.0  81.4  5:32PM  53.0  5:57AM   3.1   6.0  0.00   2.2  15.0 10:40AM   SSE
08  72.6  83.4  3:32PM  61.3  6:30AM   0.4   8.0  0.00   4.9  19.0 11:03AM   SSW
09  73.5  84.3  3:27PM  62.4  6:39AM   0.2   8.7  0.00   3.5  16.0  3:52PM    SW
10  70.4  78.0 12:32PM  65.5 11:59PM   0.0   5.4  0.43   4.4  22.0 11:42AM    SW
11  63.0  66.5  5:15PM  59.7 10:30AM   2.0   0.1  0.01   3.8  17.0  1:32PM    NE
12  62.8  71.8  4:53PM  52.3  6:30AM   3.8   1.6  0.00   3.7  19.0  1:58PM   NNE
13  66.7  77.6  4:16PM  56.0  6:19AM   2.6   4.3  0.00   2.6  16.0  2:02PM   SSW
14  70.2  82.3  5:11PM  57.3  6:07AM   1.9   7.1  0.00   5.2  31.0 11:54AM   SSW
15  75.7  87.2  3:46PM  63.1  6:27AM   0.1  10.8  0.00   5.8  21.0  4:20PM   SSW
16  75.7  83.9  3:01PM  67.6  5:36AM   0.0  10.7  0.00   7.9  28.0  9:35PM   SSW
17  71.6  76.9  5:25PM  64.4  6:25AM   0.0   6.6  0.29   8.6  34.0  2:53PM   SSW
18  64.6  75.0  4:36PM  54.8  6:21AM   2.9   2.4  1.25   4.7  31.0  9:51PM    NE
19  62.9  68.8  1:15PM  59.0  5:09AM   2.5   0.4  1.08   5.5  26.0  8:45PM     E
20  57.8  62.6  2:03AM  50.9 11:54PM   7.2   0.0  0.17   4.2  19.0 12:18AM    SW
21  56.7  69.6  5:58PM  43.5  6:13AM   9.0   0.8  0.00   2.5  17.0  3:50PM   WNW
22  58.8  69.8  2:35PM  53.4  4:45AM   6.4   0.2  0.22   2.0  15.0  9:56AM    SW
23  56.3  64.0  2:16PM  51.5 11:49PM   8.7   0.0  0.05   3.6  19.0  5:32PM    NW
24  56.4  65.7  6:59PM  47.4  4:37AM   8.6   0.0  0.00   3.9  17.0 12:27PM    NW
25  63.9  75.3  5:05PM  49.6  5:54AM   4.4   3.3  0.00   2.8  18.0  2:15PM   SSE
26  73.2  83.7  4:54PM  61.4  6:15AM   0.4   8.6  0.02   1.5  17.0  3:27AM   NNE
27  67.9  76.1  3:25PM  59.9  8:43AM   0.7   3.5  0.51   2.1  32.0  7:42AM     N
28  69.0  79.4  6:36PM  57.6  6:11AM   1.6   5.5  0.00   3.0  15.0  3:02PM   WNW
29  69.1  79.9  5:45PM  58.8  1:57AM   1.4   5.5  0.00   2.5  12.0  7:54AM   WNW
30  70.3  81.9  3:21PM  60.4  4:49AM   1.0   6.3  0.00   2.0  15.0 11:00AM   WSW
31  67.7  76.9  4:54PM  57.8  6:45AM   1.3   4.1  0.02   1.8  14.0  2:41PM     E
----------------------------------------------------------------------------------
    64.6  87.2    15    37.9     1   129.4 116.7  4.23   3.8  34.0    17     WSW

Max >=  70.0 20
Max <=  40.0  0
Min <=  32.0  0
Min <=   5.0  0
Max Rain: 1.25 on day 18
Days of Rain: 6 (>= 0.20 in)  0 (>= 2.00 in)  0 (>= 20.00 in)
Heat Base: 65.0  Cool Base: 65.0  Method: Integration