NOAA-Style Climate Reports


Report for 2017 April
                   Monthly Climatological Summary for Apr 2017

Name: CW9610   City: McLouth   State: KS
Elevation: 1151 ft  Lat: N 39 11 39   Lon: W 095 14 17

                  Temperature (°F), Rain (in), Wind Speed (mph)

                                      Heat  Cool        Avg
    Mean                              Deg   Deg         Wind                 Dom
Day Temp  High   Time   Low    Time   Days  Days  Rain  Speed High   Time    Dir
----------------------------------------------------------------------------------
01  45.1  48.9  4:32PM  40.5  7:12AM  19.8   0.0  0.03   5.9  21.0  2:17PM   ENE
02  53.9  61.0  4:40PM  47.3 12:00AM  11.1   0.0  0.07   4.0  16.0 11:17PM     E
03  55.4  60.1  6:27PM  53.1  8:24AM   9.6   0.0  0.87   4.8  21.0  1:40PM   NNW
04  48.6  54.9 12:00AM  46.0  8:23AM  16.3   0.0  0.62   6.3  21.0  8:35PM     N
05  47.2  55.5  5:04PM  41.9  7:29AM  17.7   0.0  0.42  11.4  40.0 10:55AM   NNW
06  48.1  56.6  4:46PM  40.0  5:40AM  16.9   0.0  0.00   6.6  22.0  1:30PM    NW
07  52.3  64.8  4:54PM  38.9  6:21AM  12.6   0.0  0.00   3.1  16.0  2:55PM     S
08  64.4  74.7  5:02PM  51.6  4:45AM   4.2   3.6  0.00   8.2  27.0  3:01PM     S
09  70.6  79.1  5:19PM  63.2  6:57AM   0.2   5.7  0.00  11.1  32.0  5:43PM   SSW
10  57.8  69.2 12:00AM  43.1 11:59PM   7.6   0.5  0.00   8.3  26.0  6:32PM   WNW
11  50.3  65.8  5:15PM  37.1  6:39AM  14.8   0.0  0.00   4.0  15.0  2:11AM   NNW
12  61.8  74.5  3:30PM  46.8  6:45AM   6.2   3.0  0.00   4.2  20.0  3:45PM     S
13  71.9  78.6  4:00PM  65.0 11:55PM   0.0   4.2  0.00   3.6  16.0  2:30PM   SSW
14  67.2  76.2  4:17PM  60.0  4:43AM   1.3   3.5  0.68   6.7  30.0 10:52PM     S
15  70.9  79.7  3:49PM  58.3 11:58PM   0.6   6.5  1.05  10.8  33.0  2:17PM   SSW
16  60.2  65.6  2:24PM  53.5 11:59PM   4.8   0.0  0.89   4.8  19.0  1:57AM    NE
17  60.4  71.8  4:30PM  49.5  6:11AM   6.1   1.6  0.01   3.3  14.0  9:35AM     E
18  65.4  77.2  5:10PM  54.0  5:46AM   3.5   3.9  0.00   3.9  17.0  2:35PM     S
19  70.4  79.3  4:31PM  60.6  7:01AM   0.6   5.9  0.00   6.8  27.0  7:02PM   SSW
20  59.1  68.9 12:00AM  51.1  6:45AM   6.2   0.3  0.14   6.0  19.0  4:15AM   NNW
21  50.3  53.9 12:00AM  45.9  7:35AM  14.7   0.0  0.00   7.4  32.0  2:42PM    NE
22  54.8  63.4  4:38PM  48.0  7:00AM  10.2   0.0  0.00   7.5  26.0  1:31PM   NNE
23  57.4  70.8  5:12PM  43.4  5:01AM   8.3   0.8  0.00   1.2  10.0 11:10AM   SSE
24  60.7  72.8  3:26PM  45.9  7:25AM   6.3   2.0  0.00   5.9  28.0 10:31AM     S
25  62.3  69.8  4:34PM  47.3 11:57PM   4.0   1.3  0.00   4.7  18.0  9:46PM    SW
26  44.6  50.3  3:46PM  40.1  8:30AM  20.4   0.0  0.23   8.3  20.0  5:24AM    NW
27  49.7  61.3  3:33PM  37.4  6:47AM  15.2   0.0  0.02   2.8  15.0 11:24AM    NW
28  51.1  62.3  3:19PM  43.5 11:28PM  13.9   0.0  0.28   6.2  23.0  6:17AM    NE
29  44.6  47.7  4:20PM  42.6 10:08PM  20.4   0.0  1.08  10.3  43.0  3:02PM    NE
30  46.1  57.0  2:47PM  41.0  4:38AM  18.9   0.0  0.42   7.5  31.0  9:20AM   ENE
----------------------------------------------------------------------------------
    56.8  79.7    15    37.1    11   292.4  42.8  6.81   6.2  43.0    29     NNW

Max >=  70.0 11
Max <=  40.0  0
Min <=  32.0  0
Min <=   5.0  0
Max Rain: 1.08 on day 29
Days of Rain: 10 (>= 0.20 in)  0 (>= 2.00 in)  0 (>= 20.00 in)
Heat Base: 65.0  Cool Base: 65.0  Method: Integration