NOAA-Style Climate Reports


Report for 2017 March
                   Monthly Climatological Summary for Mar 2017

Name: CW9610   City: McLouth   State: KS
Elevation: 1151 ft  Lat: N 39 11 39   Lon: W 095 14 17

                  Temperature (°F), Rain (in), Wind Speed (mph)

                                      Heat  Cool        Avg
    Mean                              Deg   Deg         Wind                 Dom
Day Temp  High   Time   Low    Time   Days  Days  Rain  Speed High   Time    Dir
----------------------------------------------------------------------------------
01  40.6  50.1  3:27PM  34.2 11:59PM  24.4   0.0  0.00   9.3  27.0  3:39PM   WNW
02  39.3  52.5  1:30PM  27.9  6:59AM  25.4   0.0  0.00   5.8  23.0  2:00PM   WNW
03  40.8  58.8  4:54PM  22.9  6:26AM  24.1   0.0  0.00   5.8  25.0  1:38PM    SE
04  59.3  70.0  3:14PM  49.2  5:35AM   6.5   0.8  0.00  11.3  30.0  4:52PM   SSW
05  56.7  60.0  4:58PM  53.0  7:18AM   8.3   0.0  0.00  12.3  31.0  8:34PM   SSW
06  62.6  77.7  3:59PM  45.1 11:59PM   5.2   2.9  0.24  16.5  42.0 11:07AM   SSW
07  47.0  58.5  4:11PM  35.1  5:53AM  18.0   0.0  0.00   6.7  27.0  1:13PM     W
08  53.2  68.1  4:25PM  36.3  5:57AM  12.0   0.3  0.00   4.2  23.0  2:25PM   SSW
09  50.2  64.0 12:37PM  37.1 11:58PM  14.7   0.0  0.00   5.0  21.0 10:32PM     N
10  33.3  40.8  3:11PM  24.4  6:46AM  31.5   0.0  0.00   8.2  21.0 10:14AM    NE
11  29.3  33.0 12:00AM  25.1  6:35AM  35.6   0.0  0.00   5.7  20.0  5:10AM   ENE
12  33.3  41.8  8:27PM  23.3  5:59AM  30.2   0.0  0.01   3.8  17.0 10:01PM     S
13  29.7  39.6 12:00AM  24.0 11:57PM  35.2   0.0  0.00  11.3  30.0  1:33PM    NW
14  25.8  30.5  5:19PM  22.3  4:58AM  39.0   0.0  0.00   3.7  15.0 12:38AM     N
15  27.5  34.8  3:56PM  20.1  6:18AM  37.3   0.0  0.00   4.2  13.0  3:04PM    SE
16  49.2  68.7  4:59PM  29.8 12:00AM  16.1   0.4  0.00   7.5  23.0 10:48PM     S
17  60.3  70.5  4:19PM  50.8 11:59PM   5.5   0.9  0.00   6.8  21.0  1:22AM    NW
18  51.0  64.1  4:09PM  37.5  7:35AM  13.9   0.0  0.00   2.6  12.0  8:01AM     N
19  67.1  86.8  3:35PM  49.0  2:20AM   5.6   7.7  0.01   7.3  27.0  5:09PM     S
20  68.4  76.8  3:23PM  58.1 11:56PM   0.8   4.2  0.00   6.5  17.0  2:48AM     N
21  52.3  60.1  4:15PM  43.4 11:58PM  12.6   0.0  0.00  10.3  28.0 12:58PM    NE
22  46.6  56.4  3:49PM  35.4  7:36AM  18.3   0.0  0.00   9.3  24.0  9:03AM     E
23  63.0  79.3  4:09PM  49.6  5:07AM   6.0   4.0  0.00   9.0  32.0  4:45PM     S
24  63.6  70.0  1:22AM  51.0 11:59PM   2.3   0.9  0.35   5.8  24.0  1:15AM     S
25  46.3  51.0 12:00AM  42.6 11:49PM  18.6   0.0  0.68   8.2  20.0 12:38AM   NNW
26  45.9  51.1  4:55PM  42.1  7:17AM  19.0   0.0  0.32   3.0  15.0  9:41PM   NNW
27  48.2  55.2  5:34PM  44.5  4:34AM  16.8   0.0  0.56   5.8  19.0  2:31AM     N
28  50.2  53.6  4:02PM  47.3  6:33AM  14.7   0.0  0.00   5.9  25.0 11:22PM   ENE
29  51.5  55.7  4:34PM  48.3  9:27AM  13.5   0.0  1.22  12.6  34.0  6:28AM   ENE
30  47.1  53.0 12:00AM  43.5 11:37PM  17.8   0.0  0.01   6.6  19.0 12:53AM   NNW
31  45.2  48.8  4:14PM  41.6  7:10AM  19.7   0.0  0.00   5.5  14.0 12:27AM     N
----------------------------------------------------------------------------------
    47.9  86.8    19    20.1    15   548.6  22.1  3.40   7.3  42.0     6       N

Max >=  70.0  7
Max <=  40.0  4
Min <=  32.0  9
Min <=   5.0  0
Max Rain: 1.22 on day 29
Days of Rain: 6 (>= 0.20 in)  0 (>= 2.00 in)  0 (>= 20.00 in)
Heat Base: 65.0  Cool Base: 65.0  Method: Integration