NOAA-Style Climate Reports


Report for 2017 January
                   Monthly Climatological Summary for Jan 2017

Name: CW9610   City: McLouth   State: KS
Elevation: 1151 ft  Lat: N 39 11 39   Lon: W 095 14 17

                  Temperature (°F), Rain (in), Wind Speed (mph)

                                      Heat  Cool        Avg
    Mean                              Deg   Deg         Wind                 Dom
Day Temp  High   Time   Low    Time   Days  Days  Rain  Speed High   Time    Dir
----------------------------------------------------------------------------------
01  32.4  42.5  3:00PM  22.3  6:18AM  32.3   0.0  0.00   5.1  18.0  6:08PM     E
02  43.7  48.5  3:20PM  36.4 12:00AM  21.2   0.0  0.13   3.6  18.0 10:21PM     E
03  25.5  39.7 12:00AM  14.6 11:59PM  39.3   0.0  0.00  12.5  25.0  1:52AM   NNW
04  14.0  19.0  1:34PM   9.0  7:27AM  50.8   0.0  0.00   5.9  14.0 12:31AM   NNW
05   8.9  13.3  1:55PM   2.5 11:59PM  55.8   0.0  0.00   5.7  17.0  4:00PM    NW
06   5.8  15.1  4:36PM  -2.4  8:20AM  58.9   0.0  0.00   2.7  10.0  9:13AM    NW
07  11.9  20.0  3:06PM   4.5  1:05AM  52.9   0.0  0.00   4.6  14.0  3:25PM   WNW
08  22.9  36.9  4:01PM   8.3  2:31AM  41.9   0.0  0.00   6.0  24.0  2:38PM     S
09  34.9  46.2  3:56PM  23.3  6:07AM  29.9   0.0  0.00   6.0  22.0  3:58PM     S
10  42.7  53.9  7:09AM  31.5 10:41PM  22.2   0.0  0.03   8.3  35.0 10:40AM   WSW
11  37.5  59.9  1:08PM  20.4 11:02PM  27.1   0.0  0.00   8.5  26.0 11:22AM   WNW
12  19.7  26.9  2:52PM  14.4  8:18AM  45.1   0.0  0.00   7.2  19.0  3:43AM   NNW
13  22.4  25.7 10:30PM  18.1  1:15AM  42.4   0.0  0.00   6.6  21.0  9:40AM   ENE
14  28.4  33.2  2:34PM  24.7  4:23AM  36.5   0.0  0.01   1.6   9.0  2:14PM     N
15  30.6  32.1 11:46PM  28.9  4:53AM  34.2   0.0  0.10   2.5  11.0  5:20AM     E
16  37.2  45.7  2:34PM  32.0 12:08AM  27.7   0.0  0.41   4.2  17.0  8:31AM   SSW
17  35.1  43.0  4:43PM  31.0 11:46PM  29.7   0.0  0.00   3.3  14.0 12:37AM   WNW
18  37.0  49.6  3:00PM  25.1  7:48AM  27.9   0.0  0.01   3.6  14.0 12:09PM     S
19  44.1  46.3  4:45PM  39.5 12:00AM  21.3   0.0  0.02   2.4  11.0  2:15PM   SSE
20  46.4  49.8  3:17PM  42.5 11:41PM  18.5   0.0  0.00   1.4  13.0  1:13PM    SE
21  45.1  54.6  3:00PM  38.3  9:00AM  19.9   0.0  0.03   2.7  14.0  1:45PM   SSW
22  38.7  45.2  1:00AM  32.5 12:30PM  26.1   0.0  0.01   7.9  24.0  2:15PM   NNW
23  32.5  39.6  4:26PM  27.8  7:21AM  32.0   0.0  0.00   3.3  13.0  7:36PM    NE
24  38.0  52.3  3:58PM  30.7  1:49AM  26.8   0.0  0.00   9.1  27.0  9:00AM     E
25  32.7  37.8 12:54AM  27.4 11:51PM  32.2   0.0  0.00  10.1  24.0  6:22PM   WNW
26  28.6  34.8  4:27PM  25.5  6:15AM  36.5   0.0  0.00   6.3  19.0  1:40AM   WNW
27  32.4  45.1  3:35PM  22.9  7:48AM  32.3   0.0  0.00   6.9  27.0  6:19AM   WNW
28  37.0  48.1  3:22PM  28.3  7:23AM  27.9   0.0  0.00   8.2  23.0  3:32PM   WNW
29  40.0  48.1  1:34PM  33.2  4:24AM  24.9   0.0  0.00   6.4  22.0  1:00AM   WNW
30  45.1  61.3  4:06PM  31.6  4:59AM  19.8   0.0  0.00   4.6  21.0  1:57PM     W
31  41.5  48.2  2:00PM  35.1  6:46AM  23.3   0.0  0.00   3.0   9.0 10:58AM   NNW
----------------------------------------------------------------------------------
    32.0  61.3    30    -2.4     6  1017.3   0.0  0.75   5.5  35.0    10      NW

Max >=  70.0  0
Max <=  40.0 13
Min <=  32.0 24
Min <=   5.0  3
Max Rain: 0.41 on day 16
Days of Rain: 1 (>= 0.20 in)  0 (>= 2.00 in)  0 (>= 20.00 in)
Heat Base: 65.0  Cool Base: 65.0  Method: Integration