NOAA-Style Climate Reports


Report for 2016 March
                   Monthly Climatological Summary for Mar 2016

Name: CW9610   City: McLouth   State: KS - USA
Elevation: 1151 ft  Lat: N 39° 11' 41"   Lon: W 095° 14' 18"

                  Temperature (°F), Rain (in), Wind Speed (mph)

                                      Heat  Cool        Avg
    Mean                              Deg   Deg         Wind                 Dom
Day Temp  High   Time   Low    Time   Days  Days  Rain  Speed High   Time    Dir
----------------------------------------------------------------------------------
 1  31.8  39.7   00:00  26.3   23:14  33.2   0.0  0.00   9.5  27.0   03:16    NW
 2  43.4  63.0   15:24  22.8   03:05  21.6   0.0  0.00   7.2  27.0   13:16     S
 3  43.2  52.5   15:00  32.5   23:57  21.8   0.0  0.03   7.6  26.0   09:23    NW
 4  47.0  66.8   15:57  29.3   06:45  18.0   0.1  0.00   5.9  22.0   14:37   SSW
 5  51.3  66.1   15:17  37.8   05:44  13.7   0.0  0.00   3.8  13.0   09:36    NW
 6  59.6  73.3   13:29  46.2   03:00   6.9   1.5  0.00  10.2  34.0   13:13     S
 7  64.8  68.6   12:29  62.7   21:31   0.7   0.6  0.00  12.1  30.0   23:15   SSW
 8  59.6  64.4   11:42  54.4   23:58   5.4   0.0  0.34   6.3  23.0   09:01   SSW
 9  50.4  58.6   15:12  43.2   06:49  14.6   0.0  0.00   4.3  15.0   02:44   NNW
10  54.6  68.7   17:03  42.2   07:27  10.8   0.4  0.00   3.0  11.0   10:36   ENE
11  55.6  68.9   15:19  43.8   06:54   9.8   0.5  0.00   3.8  18.0   15:25    SE
12  53.3  57.1   14:24  48.4   06:03  11.7   0.0  0.17   3.3  11.0   02:14   ESE
13  56.9  63.4   16:49  53.0   23:07   7.7   0.0  0.00   1.2  11.0   00:21     E
14  60.1  74.0   15:59  47.5   07:39   6.8   1.9  0.02   3.8  15.0   13:04   SSW
15  55.6  62.3   00:11  46.5   23:58   9.4   0.0  0.07   6.9  27.0   14:04    NW
16  49.4  61.5   15:33  38.4   07:50  15.6   0.0  0.00   5.2  21.0   13:27     W
17  48.6  60.8   15:14  36.5   07:40  16.4   0.0  0.00   3.8  17.0   14:18     W
18  41.9  52.3   00:56  35.0   23:42  23.1   0.0  0.01   7.5  32.0   02:57   NNW
19  34.5  40.8   12:07  26.9   07:13  30.5   0.0  0.00   6.3  24.0   16:15   WNW
20  39.1  48.6   17:05  32.0   06:04  25.9   0.0  0.00   6.6  18.0   07:26    NW
21  48.7  66.0   16:01  29.5   05:56  16.4   0.0  0.00   8.7  29.0   13:44   SSW
22  60.7  75.0   16:38  49.1   07:46   6.0   1.7  0.00  10.2  27.0   01:56   SSW
23  66.8  77.4   14:24  58.2   23:59   1.7   3.5  0.03  11.3  31.0   14:40   SSW
24  39.3  58.2   00:00  32.1   09:27  25.4   0.0  0.01  10.0  27.0   07:30    NW
25  44.5  58.1   17:31  29.2   07:27  20.5   0.0  0.00   3.4  14.0   17:02   SSE
26  47.2  56.7   15:03  37.4   23:59  17.8   0.0  0.25   4.9  25.0   20:37   WSW
27  40.9  52.5   17:35  32.1   05:32  24.1   0.0  0.43   6.1  19.0   01:18    NW
28  50.8  65.4   15:58  34.2   07:16  14.2   0.0  0.00   4.5  17.0   13:38   SSW
29  56.5  66.6   16:28  45.6   06:01   8.6   0.1  0.00   6.3  22.0   16:29   SSE
30  62.4  72.1   16:17  56.4   02:41   3.6   1.0  0.03   7.4  26.0   13:11     S
31  51.5  60.7   00:00  40.3   23:50  13.5   0.0  0.00   6.8  23.0   18:48   WNW
----------------------------------------------------------------------------------
    50.6  77.4    23    22.8     2   455.4  11.3  1.39   6.4  34.0     6     WSW

Max >=  70.0:  5
Max <=  40.0:  1
Min <=  32.0:  7
Min <=   5.0:  0
Max Rain: 0.43 on day 27
Days of Rain: 3 (>= 0.20 in)  0 (>= 2.00 in)  0 (>= 20.00 in)
Heat Base: 65.0  Cool Base: 65.0  Method: Integration