NOAA-Style Climate Reports


Report for 2015 November
                   Monthly Climatological Summary for Nov 2015

Name: CW9610   City: McLouth   State: KS - USA
Elevation: 1151 ft  Lat: N 39° 11' 41"   Lon: W 095° 14' 18"

                  Temperature (°F), Rain (in), Wind Speed (mph)

                                      Heat  Cool        Avg
    Mean                              Deg   Deg         Wind                 Dom
Day Temp  High   Time   Low    Time   Days  Days  Rain  Speed High   Time    Dir
----------------------------------------------------------------------------------
 1  58.3  76.6   15:02  45.1   06:57   9.1   2.2  0.01   4.6  16.0   11:36   SSW
 2  60.0  75.2   14:40  48.3   05:15   6.9   1.9  0.00   3.5  14.0   14:13   SSW
 3  58.6  68.2   14:18  48.6   03:56   6.8   0.4  0.00   3.9  17.0   12:00     S
 4  61.6  66.7   14:45  56.8   00:32   3.5   0.1  0.00   6.7  20.0   09:19   SSW
 5  61.4  71.3   11:32  45.3   23:58   4.9   1.3  0.01   6.2  23.0   09:30    SW
 6  50.2  62.5   14:47  39.4   06:48  14.8   0.0  0.00   1.8   8.0   01:25   WNW
 7  49.8  59.7   15:02  43.0   07:06  15.2   0.0  0.00   1.0   8.0   10:33   NNW
 8  47.6  60.3   15:20  37.5   07:10  17.4   0.0  0.00   2.2  14.0   11:22   SSW
 9  48.2  62.2   14:21  37.3   07:00  16.8   0.0  0.00   1.8  11.0   10:10     S
10  55.4  71.0   14:25  41.8   03:54  10.3   0.7  0.00   4.0  18.0   12:51     S
11  58.6  73.5   12:31  42.2   20:13   7.5   1.1  0.00  10.7  44.0   15:13    SW
12  48.1  59.2   14:48  40.6   04:02  16.9   0.0  0.00   7.8  30.0   00:22   WNW
13  48.5  63.1   15:15  35.9   07:15  16.0   0.0  0.00   2.7  13.0   12:14    SW
14  54.4  68.8   14:10  42.4   06:57  11.1   0.5  0.00   5.9  23.0   12:11   SSW
15  54.0  60.0   12:15  47.5   04:11  11.0   0.0  0.00   7.7  25.0   13:11   SSW
16  53.4  60.0   23:59  47.8   05:35  11.6   0.0  0.10   7.5  22.0   03:33     S
17  57.0  60.3   00:51  48.2   23:39   7.9   0.0  1.43   6.3  24.0   05:20   SSE
18  46.8  52.3   15:23  42.5   11:33  18.2   0.0  0.04   7.9  32.0   23:03    SW
19  42.0  50.9   16:05  33.5   07:14  23.0   0.0  0.00   4.9  19.0   00:48   WNW
20  43.4  50.9   14:43  34.1   03:30  21.6   0.0  0.04   4.4  27.0   21:57   SSE
21  32.2  36.5   14:22  28.5   21:33  32.8   0.0  0.01   9.1  32.0   06:48    NW
22  38.1  50.0   15:42  26.8   02:57  26.9   0.0  0.00   5.8  21.0   10:26    SW
23  47.9  62.7   14:55  34.8   06:59  17.1   0.0  0.00   3.1  10.0   13:28    SW
24  50.9  60.5   15:00  39.5   07:21  14.1   0.0  0.00   6.6  23.0   16:02     S
25  56.8  60.7   22:03  50.9   04:17   8.2   0.0  0.00   6.9  20.0   00:37     S
26  45.7  62.3   09:03  31.7   23:49  19.2   0.0  1.11   9.8  26.0   19:02    NW
27  28.6  31.7   00:00  27.3   13:20  36.4   0.0  0.00   4.5  18.0   00:40   NNW
28  29.9  31.8   23:48  28.5   00:03  35.1   0.0  0.11   0.0   0.0   00:00   ---
29  32.4  33.4   23:48  31.7   00:00  32.6   0.0  0.01   0.0   0.0   00:00   ---
30  34.7  38.4   13:19  31.2   23:46  30.3   0.0  0.10   3.7  15.0   07:14    SW
----------------------------------------------------------------------------------
    48.5  76.6     1    26.8    22   503.2   8.2  2.97   5.0  44.0    11      SW

Max >=  70.0:  5
Max <=  40.0:  5
Min <=  32.0:  7
Min <=   5.0:  0
Max Rain: 1.43 on day 17
Days of Rain: 2 (>= 0.20 in)  0 (>= 2.00 in)  0 (>= 20.00 in)
Heat Base: 65.0  Cool Base: 65.0  Method: Integration