NOAA-Style Climate Reports


Report for 2012 October
                   MONTHLY CLIMATOLOGICAL SUMMARY for OCT. 2012

NAME: CW9610   CITY: McLouth STATE: KS
ELEV: 1138 LAT: 039:11:41 LONG: 0095:14:18

                  TEMPERATURE (�F), RAIN (in.), WIND SPEED (mph)

                                       HEAT   COOL         AVG
      MEAN                             DEG    DEG          WIND                 DOM
DAY   TEMP  HIGH  TIME   LOW   TIME    DAYS   DAYS  RAIN   SPEED  HIGH  TIME    DIR
-----------------------------------------------------------------------------------
01    65.1  77.6  15:03  56.5  07:01   00.0   00.1  00.00  05.3   18.4  18:00   NNW
02    60.1  73.3  17:02  46.1  07:04   04.8   00.0  00.00  03.2   12.7  12:05    N
03    64.3  77.6  15:04  52.6  07:03   00.6   00.0  00.00  04.0   18.4  17:02   NNE
04    54.3  63.5  04:03  47.2  14:04   10.6   00.0  00.00  05.7   19.6  12:05   NNE
05    45.3  51.5  00:04  35.9  22:02   19.7   00.0  00.00  05.2   18.4  15:03    NE
06    40.0  44.6  15:05  37.1  00:15   25.0   00.0  00.00  03.8   14.9  11:04    E
07    41.8  55.9  16:05  30.0  08:00   23.1   00.0  00.00  02.3   11.5  15:05    NE
08    47.0  67.0         27.0          18.0   00.0  00.00  07.6   24.0          SSE
09    56.6  71.7  15:52  42.3  00:00   08.4   00.0  00.00  03.5   17.3  11:19   SSE
10    48.7  63.6  16:48  34.2  04:20   16.2   00.0  00.00  02.0   11.5  16:23    E
11    61.5  66.6  19:00  42.3  00:02   03.5   00.0  00.00  03.9   16.1  00:00   SSE
12    52.3  56.6  00:01  48.5  08:01   12.7   00.0  00.09  08.4   21.9  04:02   SSE
13    63.0  67.6  20:05  55.3  00:08   02.0   00.0  00.89  05.3   18.4  20:04   SSE
14    60.5  66.2  17:02  56.0  08:04   04.4   00.0  00.34  06.1   21.9  12:04   ESE
15    60.7  75.0  15:03  48.6  07:00   04.2   00.0  00.00  01.9   09.2  23:03   ESE
16    66.7  80.1  15:05  57.2  01:01   00.0   01.8  00.00  07.7   26.4  16:01   ESE
17    59.4  64.7  00:16  50.5  00:00   05.6   00.0  00.02  05.9   21.9  17:03   ESE
18    50.4  56.9  13:03  46.6  03:03   14.5   00.0  00.00  08.8   27.6  16:03   ESE
19    48.6  52.8  17:03  45.3  23:03   16.3   00.0  00.00  08.0   27.6  07:03    E
20    52.9  69.4  15:03  40.9  07:05   12.0   00.0  00.00  02.6   11.5  13:04    E
21    63.0  74.8  16:01  51.3  07:03   02.0   00.0  00.00  04.3   13.8  15:03   ENE
22    71.2  80.4  13:03  63.5  22:04   00.0   06.2  00.00  05.9   19.6  16:05    NE
23    71.1  80.7  15:02  65.4  00:06   00.0   06.2  00.00  07.4   20.7  17:01    NE
24    72.0  82.4  15:05  67.8  05:04   00.0   07.1  00.00  08.8   23.0  21:04    NE
25    49.7  72.3  00:04  36.3  00:00   15.3   00.0  00.03  12.5   27.6  14:02   NNE
26    35.9  42.6  16:04  30.0  08:00   29.0   00.0  00.00  08.0   20.7  01:03    NW
27    34.3  43.7  16:02  25.9  08:01   30.7   00.0  00.00  01.8   06.9  17:02    N
28    40.1  51.7  16:04  30.7  07:04   24.9   00.0  00.00  01.4   09.2  14:01   WNW
29    44.6  55.1  16:03  39.3  07:05   20.4   00.0  00.00  04.3   16.1  11:08   WSW
30    44.7  55.3  16:00  35.0  06:02   20.2   00.0  00.00  04.8   17.3  12:04   WSW
31    46.3  60.2  16:04  33.4  07:03   18.7   00.0  00.00  01.6   06.9  14:03   WSW
-----------------------------------------------------------------------------------
54.2 (54.8) 82.4  day 24 25.9  day 27  344.7  21.5  01.37  05.1   27.6  day 25   E
Min <=  86: 30
Max Rain: 0.89 ON 13-10-12
Days of Rain: 5 (> .008in) 3 (> .08in) 1 (> 0.8in)