NOAA-Style Climate Reports


Report for 2012 April
                      MONTHLY CLIMATOLOGICAL SUMMARY for APR. 2012

NAME: CW9610   CITY: McLouth STATE: KS
ELEV: 1138 LAT: 039:11:41 LONG: 0095:14:18

                     TEMPERATURE ( °F), RAIN (in.), WIND SPEED (mph)

                                         HEAT   COOL         AVG
      MEAN                               DEG    DEG          WIND                DOM
DAY   TEMP   HIGH   TIME   LOW   TIME    DAYS   DAYS  RAIN   SPEED  HIGH  TIME   DIR
------------------------------------------------------------------------------------
01    71.5   084.6  17:05  61.7  07:03   00.0   06.5  00.00  05.1   19.6  16:04  E
02    74.4   085.5  16:01  66.9  06:05   00.0   09.5  00.00  07.1   20.7  13:04  E
03    59.7   069.8  00:13  54.3  08:05   05.3   00.0  00.29  04.2   16.1  09:04  ESE
04    55.8   061.6  12:00  52.3  00:00   09.2   00.0  00.15  03.7   13.8  14:04  E
05    51.2   061.2  17:04  43.9  09:19   13.7   00.0  00.00  04.2   13.8  15:01  ESE
06    49.8   064.6  16:02  41.8  07:07   15.1   00.0  00.00  05.0   13.8  17:00  ESE
07    53.2   062.0  16:03  49.1  05:03   11.8   00.0  00.22  04.1   19.6  14:02  SSE
08    53.8   066.4  17:03  41.0  05:01   11.2   00.0  00.00  02.1   11.5  17:04  W
09    57.7   070.3  15:00  44.9  06:04   07.3   00.0  00.00  02.1   08.1  10:04  SW
10    51.2   061.3  17:02  40.5  07:03   13.7   00.0  00.00  02.7   11.5  09:05  NNW
11    47.1   057.4  16:04  36.4  06:05   17.8   00.0  00.00  03.1   10.4  23:00  NNW
12    47.2   053.1  00:00  42.9  01:03   17.8   00.0  00.06  04.5   15.0  17:02  N
13    61.8   074.8  15:03  51.5  04:00   03.2   00.0  00.19  05.6   18.4  03:04  NNE
14    66.6   073.7  15:03  60.3  07:01   00.0   01.7  00.04  06.7   26.5  21:08  NNE
15    66.5   071.3  00:01  51.3  00:00   00.0   01.5  00.30  10.5   32.2  18:02  NE
16    53.5   063.7  15:02  46.5  06:05   11.5   00.0  00.00  06.5   24.2  03:01  ENE
17    57.4   070.8  17:05  45.3  06:05   07.6   00.0  00.00  03.8   12.7  17:00  ENE
18    62.6   076.1  14:05  51.4  04:03   02.3   00.0  00.00  05.6   19.6  13:02  E
19    62.4   074.3  13:04  46.4  00:00   02.5   00.0  00.00  07.3   26.5  09:08  SE
20    48.4   058.4  17:00  43.1  08:01   16.5   00.0  00.00  08.9   20.7  09:13  NNE
21    53.0   069.9  17:03  39.2  06:02   12.0   00.0  00.00  02.3   13.8  11:04  NNE
22    51.4   058.9  16:04  43.8  06:05   13.6   00.0  00.00  07.2   20.7  14:01  NE
23    51.9   067.1  18:01  37.7  06:04   13.0   00.0  00.00  02.8   11.5  13:01  NNE
24    64.1   087.2  17:01  48.8  04:01   00.9   00.0  00.00  04.9   13.8  14:03  NNW
25    74.5   091.4  16:03  62.0  06:01   00.0   09.5  00.00  04.2   13.8  17:05  NNW
26    68.7   077.5  12:03  59.0  07:00   00.0   03.8  00.00  03.0   12.7  22:02  NW
27    59.1   063.8  14:03  54.8  21:05   05.8   00.0  00.08  10.1   28.8  14:00  NW
28    58.5   065.9  16:02  53.7  09:18   06.4   00.0  00.00  04.6   16.1  10:04  SSW
29    54.8   060.1  16:00  51.3  08:05   10.1   00.0  00.39  03.7   16.1  05:05  ESE
30    56.4   065.1  18:04  52.1  07:00   08.5   00.0  00.00  02.3   09.2  21:04  ESE
------------------------------------------------------------------------------------
58.1 (59.0)  91.4  day 25  36.4  day 11  236.7  032.5 01.74  04.9   32.2  day 27 ENE
Max >=  86: 2
Min <=  86: 30
Max Rain: 0.39 ON 29-04-12
Days of Rain: 9 (> .008in) 7 (> .08in) 0 (> 0.8in)