NOAA-Style Climate Reports


Report for 2011 September
                   MONTHLY CLIMATOLOGICAL SUMMARY for SEP. 2011

NAME: CW9610   CITY: McLouth STATE: KS
ELEV: 1138 LAT: 039:11:41 LONG: 0095:14:18

                  TEMPERATURE (°F), RAIN (in.), WIND SPEED (mph)

                                        HEAT   COOL         AVG
      MEAN                              DEG    DEG          WIND                 DOM
DAY   TEMP  HIGH   TIME   LOW   TIME    DAYS   DAYS  RAIN   SPEED  HIGH  TIME    DIR
------------------------------------------------------------------------------------
01    88.8  101.7  15:05  80.9  05:02   00.0   23.9  00.00  07.1   25.3  06:01    NW
02    86.0  098.2  15:05  77.0  07:03   00.0   21.0  00.00  04.2   13.8  00:18   WNW
03    76.4  092.8  12:02  66.8  00:00   00.0   11.4  00.12  03.7   14.9  22:02    NW
04    65.7  073.8  15:01  57.5  00:00   00.0   00.7  00.00  06.0   17.3  13:04   WNW
05    60.4  072.7  15:02  49.2  06:05   04.5   00.0  00.00  02.0   09.2  16:00   WNW
06    60.1  074.2  16:01  49.7  05:05   04.8   00.0  00.00  01.2   09.2  13:04   WNW
07    61.8  075.1  16:03  50.4  06:04   03.2   00.0  00.00  00.9   09.2  14:03   WNW
08    62.4  076.1  16:05  49.8  05:05   02.5   00.0  00.00  01.6   09.2  15:05   WNW
09    62.3  080.7  14:04  54.5  07:01   02.6   00.0  00.55  02.3   19.6  16:05    NW
10    67.1  079.4  15:45  57.7  04:29   00.0   02.2  00.01  01.5   12.7  20:00   WNW
11    70.0  085.4  17:03  59.9  06:03   00.0   05.1  00.01  01.4   05.8  22:03   WNW
12    75.2  091.5  16:01  61.8  06:04   00.0   10.2  00.00  04.0   14.9  16:00    W
13    71.2  079.9  15:01  62.0  23:02   00.0   06.3  00.00  03.0   14.9  09:12    NW
14    59.9  067.4  15:00  49.3  00:00   05.1   00.0  00.03  03.4   12.7  16:03    E
15    49.8  056.7  15:04  43.4  03:03   15.2   00.0  00.00  01.6   11.5  11:03   ESE
16    52.5  058.6  16:03  47.8  08:00   12.4   00.0  00.21  02.8   11.5  12:05   SSW
17    56.3  061.5  16:02  52.5  06:03   08.6   00.0  00.32  04.9   13.8  17:02    SW
18    62.1  070.8  15:02  58.1  00:00   02.8   00.0  00.57  03.0   14.9  09:06    NW
19    65.0  082.7  18:00  53.5  06:00   00.0   00.1  00.01  02.5   09.2  13:01   NNW
20    67.3  082.6  16:01  57.2  07:02   00.0   02.4  00.00  04.0   13.8  13:04   NNW
21    60.9  071.4  15:03  52.8  00:00   04.0   00.0  00.00  02.9   13.8  14:00    NW
22    58.8  074.2  17:03  48.4  07:04   06.2   00.0  00.00  01.6   11.5  14:02    NW
23    58.7  071.5  16:05  48.1  07:01   06.3   00.0  00.00  01.2   09.2  12:03    NW
24    57.8  069.7  14:04  49.3  06:02   07.2   00.0  00.00  02.5   11.5  13:03    NW
25    54.6  067.1  16:01  42.8  07:01   10.4   00.0  00.00  01.3   09.2  11:03    NW
26    58.2  072.3  16:03  46.0  06:02   06.7   00.0  00.00  02.4   11.5  18:00   NNW
27    63.4  078.0  15:04  52.1  07:01   01.5   00.0  00.00  03.0   11.5  13:05    NW
28    69.7  085.6  16:04  58.0  07:04   00.0   04.7  00.00  01.0   05.8  14:03   NNW
29    67.4  076.6  13:02  55.7  00:00   00.0   02.4  00.00  05.3   23.0  11:02    N
30    57.6  071.3  16:03  45.6  07:02   07.3   00.0  00.00  03.2   11.5  14:05    N
------------------------------------------------------------------------------------
64.2 (65.6) 101.7  day 01 42.8  day 25  111.3  90.5  01.83  02.8   25.3  day 29   NW
Max >=  86: 4
Min <=  86: 30
Max Rain: 0.57 ON 18-09-11
Days of Rain: 9 (> .008in) 5 (> .08in) 0 (> 0.8in)