NOAA-Style Climate Reports


Report for 2010 April
                      MONTHLY CLIMATOLOGICAL SUMMARY for APR. 2010

NAME: CW9610   CITY: McLouth STATE: KS
ELEV: 1138 LAT: 039:11:41 LONG: 0095:14:18

                     TEMPERATURE ( °F), RAIN (in.), WIND SPEED (mph)

                                         HEAT   COOL         AVG
      MEAN                               DEG    DEG          WIND                DOM
DAY   TEMP   HIGH   TIME   LOW   TIME    DAYS   DAYS  RAIN   SPEED  HIGH  TIME   DIR
------------------------------------------------------------------------------------
01    71.4   080.8  15:05  64.4  07:05   00.0   06.4  00.00  12.8   27.6  19:02  SSE
02    61.4   069.1  00:02  52.2  00:00   03.5   00.0  00.00  08.1   26.5  01:02  SSE
03    52.8   066.0  17:02  38.9  07:02   12.1   00.0  00.00  05.9   19.6  17:02  SSE
04    62.3   077.4  15:02  53.1  04:02   02.6   00.0  00.00  06.1   20.7  14:02  S
05    62.8   081.0  16:05  49.5  03:05   02.1   00.0  00.00  09.1   28.8  17:02  SSE
06    69.8   083.0  13:08  53.8  00:00   00.0   04.8  00.00  12.0   38.0  08:08  S
07    49.8   064.8  13:05  39.9  23:08   15.1   00.0  00.00  07.2   35.7  17:02  NNW
08    49.6   061.2  18:02  36.3  07:02   15.3   00.0  00.00  04.7   21.9  14:02  NW
09    59.2   073.8  16:02  43.5  07:02   05.7   00.0  00.00  05.9   26.5  14:05  SSE
10    62.0    77.0         46.0          04.0   00.0  00.00  04.6   18.0         SSE
11    67.7   080.3  15:02  49.8  07:05   00.0   02.7  00.00  05.9   19.6  16:05  SSE
12    68.8   081.7  15:08  55.2  07:05   00.0   03.9  00.00  05.6   19.6  16:05  SSE
13    67.6   080.1  15:02  56.5  07:05   00.0   02.7  00.00  06.5   24.2  14:02  SSE
14    68.8   081.0  15:02  59.6  07:05   00.0   03.9  00.00  08.1   26.5  12:02  S
15    69.3   082.6  15:05  56.7  07:02   00.0   04.4  00.00  05.2   21.9  13:05  S
16    57.3   063.9  00:02  49.5  00:00   07.6   00.0  00.00  09.0   20.7  17:05  N
17    53.9   065.3  15:05  41.2  07:05   11.0   00.0  00.00  02.1   11.5  12:05  NE
18    55.4   067.5  12:05  44.1  05:05   09.5   00.0  00.00  00.3   09.2  12:02  ENE
19    61.0   072.0  13:08  50.2  07:05   03.9   00.0  00.00  00.8   08.1  14:02  ESE
20    63.4   074.1  16:02  50.2  06:05   01.5   00.0  00.00  01.1   08.1  15:05  SSE
21    63.4   074.1  16:02  56.0  06:02   01.6   00.0  00.00  01.5   10.4  15:08  SSE
22    52.0    60.0         46.0          12.0   00.0  01.29  03.3   15.0         SE
23    61.8   077.2  16:05  54.0  06:08   03.1   00.0  02.30  04.6   24.2  14:02  SSE
24    59.0    66.0         52.0          06.0   00.0  00.15  02.1   15.0         NW
25    59.3   068.2  11:08  52.3  00:00   05.7   00.0  00.00  05.8   26.5  15:02  WNW
26    50.0    57.0         44.0          14.0   00.0  00.03  05.4   26.0         NW
27    52.4   063.7  16:05  43.2  06:02   12.5   00.0  00.00  05.9   23.0  00:02  NW
28    59.9   072.0  16:02  52.0  13:02   05.0   00.0  00.00  06.0   28.8  17:05  SSE
29    63.5   072.1  00:02  54.1  10:02   01.4   00.0  00.00  04.9   33.4  00:02  SSE
30    64.0    73.0         50.0          01.0   00.0  00.22  04.6   25.0         SSE
------------------------------------------------------------------------------------
61.7 (61.8)  83.0  day 06  36.3  day 08  119.4  035.7 03.99  06.1   38.0  day 06 SSE
Min <=  86: 26
Max Rain: 2.30 ON 23-04-12
Days of Rain: 1 (> .008in) 1 (> .08in) 1 (> 0.8in)