NOAA-Style Climate Reports


Report for 2009 December
                   MONTHLY CLIMATOLOGICAL SUMMARY for DEC. 2009

NAME: CW9610   CITY: McLouth STATE: KS
ELEV: 1138 LAT: 039:11:41 LONG: 0095:14:18

                  TEMPERATURE (°F), RAIN (in.), WIND SPEED (mph)

                                       HEAT   COOL         AVG
      MEAN                             DEG    DEG          WIND                 DOM
DAY   TEMP  HIGH  TIME   LOW   TIME    DAYS   DAYS  RAIN   SPEED  HIGH  TIME    DIR
-----------------------------------------------------------------------------------
01    47.5  65.5  14:48  34.5  04:04   17.5   00.0  00.00  01.1   11.5  12:23    S
02    37.5  45.7  14:52  28.6  00:00   27.5   00.0  00.00  01.2   08.1  14:22    NE
03    27.7  38.7  13:13  19.8  00:00   37.2   00.0  00.00  00.5   05.8  15:23    NW
04    25.1  41.5  14:24  13.8  07:35   39.8   00.0  00.00  00.6   08.1  12:44   SSW
05    33.4  47.3  15:13  21.0  02:44   31.5   00.0  00.00  01.3   10.3  15:28    NE
06    34.7  39.9  13:13  30.7  07:54   30.3   00.0  00.00  00.2   05.8  12:48    N
07    25.9  32.0  00:09  22.8  09:09   39.1   00.0  00.00  00.4   05.8  03:49    NE
08    30.1  33.6  15:18  25.0  00:49   34.8   00.0  00.00  00.5   06.9  09:23    N
09    15.4  25.9  14:23  05.5  00:00   49.5   00.0  00.00  01.7   08.1  15:43    W
10    15.8  33.4  15:08  02.3  02:34   49.2   00.0  00.00  01.0   08.1  15:28   SSW
11    19.8  37.8  15:26  04.2  08:00   45.1   00.0  00.00  01.4   12.7  13:10   SSW
12    33.2  38.8  15:44  20.1  00:47   31.8   00.0  00.00  02.1   17.3  12:51    S
13    39.4  44.3  13:48  34.9  08:16   25.6   00.0  00.00  02.6   13.8  14:11    S
14    22.4  42.4  05:03  10.9  00:00   42.6   00.0  00.00  09.6   28.8  08:35    NW
15    12.3  20.0  15:33  06.4  07:44   52.6   00.0  00.00  04.6   18.4  03:26   NNW
16    29.1  46.9  15:13  10.4  03:18   35.9   00.0  00.00  02.7   14.9  12:39    S
17    38.5  49.1  16:05  33.4  08:06   26.4   00.0  00.00  03.6   18.4  10:10   SSW
18    30.8  37.7  15:30  26.6  07:01   34.2   00.0  00.00  06.5   17.3  13:19    NW
19    25.6  27.5  04:24  24.4  22:08   39.4   00.0  00.00  07.5   24.1  00:45   NNW
20    34.0  45.8  15:12  25.1  00:10   30.9   00.0  00.00  05.6   17.3  11:11    W
21    34.5  46.1  15:00  23.7  07:50   30.5   00.0  00.00  00.8   09.2  11:30    SE
22    37.5  46.1  14:44  28.0  07:45   27.5   00.0  00.00  00.5   09.2  00:00    E
23    41.2  49.2  15:19  36.6  00:00   23.7   00.0  00.00  01.6   13.8  01:59    E
24    27.1  36.6  00:04  16.8  23:53   37.8   00.0  00.00  03.0   17.3  15:08    N
25    17.0  20.2  19:36  12.9  08:09   47.9   00.0  00.00  05.5   20.7  15:04    N
26    24.3  29.6  14:09  20.1  00:29   40.6   00.0  00.00  03.7   13.8  02:29    N
27    25.6  28.7  15:13  22.1  06:59   39.4   00.0  00.00  01.8   10.3  13:59    N
28    29.1  35.3  13:34  19.1  00:00   35.8   00.0  00.00  02.1   10.3  21:59    N
29    20.4  26.8  14:14  13.8  08:24   44.5   00.0  00.00  00.0   00.0  00:00    NE
30    32.2  36.0  12:29  25.6  00:04   32.7   00.0  00.00  00.3   11.5  11:04    S
31    16.2  30.8  00:04  10.7  23:58   48.8   00.0  00.00  01.3   12.7  11:19    N
-----------------------------------------------------------------------------------
28.5 (29.2) 65.5  day 01 02.3  day 10  1130.1 00.0  00.00  02.4   28.8  day 14  NNW
Max <=  32: 9
Min <=  86: 31
Max <= 23: 2
Min <=  23: 18
Min <=   5: 2
Max Rain: 0.00 ON 12-12-10
Days of Rain: 0 (> .008in) 0 (> .08in) 0 (> 0.8in)