NOAA-Style Climate Reports


Report for 2009 August
                   MONTHLY CLIMATOLOGICAL SUMMARY for AUG. 2009

NAME: CW9610   CITY: McLouth STATE: KS
ELEV: 1138 LAT: 039:11:41 LONG: 0095:14:18

                  TEMPERATURE (°F), RAIN (in.), WIND SPEED (mph)

                                        HEAT   COOL         AVG
      MEAN                              DEG    DEG          WIND                 DOM
DAY   TEMP   HIGH  TIME   LOW   TIME    DAYS   DAYS  RAIN   SPEED  HIGH  TIME    DIR
------------------------------------------------------------------------------------
01    68.3   75.3  17:00  62.7  06:15   00.0   03.3  00.00  01.5   11.5  11:29   WNW
02    71.0   86.1  14:59  58.8  06:59   00.0   06.0  00.00  02.7   17.3  17:14    SW
03    80.7   94.6  15:59  66.3  01:59   00.0   15.8  00.00  03.2   11.5  16:44    SW
04    88.4   98.9  14:25  79.3  05:00   00.0   23.4  00.00  09.0   12.0  14:30   SSW  
05    74.9   84.0  16:44  65.6  06:59   00.0   10.0  00.00  01.7   19.6  03:59    N
06    73.6   85.2  15:29  61.8  06:44   00.0   08.6  00.00  02.0   10.3  15:29   ESE
07    82.3   94.3  15:14  72.4  06:14   00.0   17.4  00.00  03.7   18.4  12:29   SSW
08    86.5   96.7  15:14  78.0  06:44   00.0   21.5  00.00  06.0   19.6  04:29    SW
09    83.7   96.7  15:29  69.0  00:00   00.0   18.8  00.00  05.4   13.8  12:14    SW
10    74.7   87.7  12:14  68.2  06:29   00.0   09.8  00.00  01.6   12.7  15:29   ESE
11    76.7   86.1  16:15  66.8  07:00   00.0   11.8  00.00  00.2   03.5  18:00   NNW
12    80.4   93.8  14:44  68.6  06:14   00.0   15.5  00.00  01.2   06.9  17:14    SW
13    79.7   92.5  15:14  68.2  06:44   00.0   14.7  00.00  02.1   10.3  15:14    SW
14    77.8   90.4  13:59  67.0  06:59   00.0   12.9  00.00  01.5   10.3  15:44   SSE
15    75.1   88.4  12:44  66.4  05:44   00.0   10.1  00.00  02.7   12.7  22:44   SSE
16    78.1   89.8  15:59  70.6  09:59   00.0   13.2  00.00  02.4   12.7  10:29    S
17    72.2   79.9  17:44  65.4  11:44   00.0   07.2  00.00  00.7   11.5  11:59    E
18    73.3   83.0  14:15  67.0  07:15   00.0   08.4  00.00  00.4   05.8  18:30   SSE
19    71.6   83.0  14:44  62.3  00:00   00.0   06.7  04.50  03.3   19.6  22:59    SW
20    68.2   79.4  15:59  60.1  05:59   00.0   03.3  00.00  01.5   11.5  14:29   WSW
21    66.6   74.9  14:14  59.2  07:14   00.0   01.7  00.00  02.3   12.7  16:14   WNW
22    65.5   75.4  17:29  54.9  07:29   00.0   00.6  00.00  00.4   06.9  16:29   NNW
23    70.0   81.7  14:44  58.7  07:14   00.0   05.0  00.00  00.8   08.1  16:29    SE
24    72.9   85.0  15:29  61.4  07:29   00.0   08.0  00.00  02.9   13.8  16:44    SE
25    78.3   90.6  15:44  66.8  04:29   00.0   13.4  00.00  01.2   11.5  11:44    S
26    75.7   85.7  16:29  70.6  23:59   00.0   10.8  05.10  00.9   11.5  23:14   SSW
27    69.6   72.7  15:14  66.6  00:00   00.0   04.6  00.00  01.3   06.9  10:14    NW
28    68.3   75.6  17:29  63.7  00:00   00.0   03.3  00.00  01.1   10.3  07:44   NNW
29    64.2   70.9  16:59  57.3  00:00   00.8   00.0  00.00  01.2   10.3  17:44   NNW
30    60.0   68.8  16:29  50.8  07:14   05.0   00.0  00.00  00.5   06.9  14:59    N
31    60.6   72.2  15:29  50.8  06:44   04.3   00.0  00.00  00.2   05.8  14:44    E
------------------------------------------------------------------------------------
73.4 (74.1)  96.7  day 09 50.8  day 31  10.0   262.5 00.00  01.9   19.6  day 04   SW
Max >=  86: 13
Min <=  86: 30
Max Rain: 5.10 ON 26-08-10
Days of Rain: 2 (> .008in) 2 (> .08in) 2 (> 0.8in)