NOAA-Style Climate Reports


Report for 2008 August
                   MONTHLY CLIMATOLOGICAL SUMMARY for Aug. 2008

NAME: CW9610   CITY: McLouth STATE: KS
ELEV: 1138 LAT: 039:11:41 LONG: 0095:14:18

                   TEMPERATURE ( °F), RAIN (in.), WIND SPEED (mph)

                                    HEAT  COOL         AVG
    MEAN                            DEG   DEG          WIND               DOM
DAY TEMP  HIGH  TIME   LOW   TIME   DAYS  DAYS  RAIN   SPEED HIGH  TIME   DIR
-----------------------------------------------------------------------------
01  80.2  88.9  13:40  71.3  05:10  00.0  15.2  00.00  05.0  10.0  09:40  SSE
02  85.1  94.5  14:50  77.2  06:25  00.0  20.1  00.00  08.0  11.0  17:45  SSE
03  86.0  97.2  15:24  75.8  06:10  00.0  21.0  00.00  07.0  13.0  14:54  SSW
04  88.4  98.9  14:25  79.3  05:00  00.0  23.4  00.00  09.0  12.0  14:30  SSW
05  85.2  91.6  13:45  79.8  23:55  00.0  20.2  00.00  09.0  12.0  05:20  ENE
06  79.7  87.5  13:55  74.2  06:35  00.0  14.7  00.00  07.0  09.0  01:25   NE
07  77.2  84.2  15:04  69.9  23:50  00.0  12.2  00.00  05.0  06.0  08:59   NE
08  76.5  87.9  13:44  64.8  06:40  00.0  11.5  00.00  05.0  05.0  18:29  ENE
09  70.3  73.9  00:00  69.0  15:09  00.0  05.3  00.00  04.0  09.0  16:59   E
10  76.3  83.4  15:14  66.0  06:40  00.0  11.3  00.00  08.0  10.0  17:15   E
11  76.2  84.0  15:45  68.6  06:40  00.0  11.2  00.00  06.0  08.0  12:40   E
12  77.5  83.7  15:14  70.3  06:55  00.0  12.5  00.00  08.0  08.0  15:20  ENE
13  76.8  88.7  16:00  64.0  06:45  00.0  11.8  00.00  00.0  01.0  08:04   E
14  71.6  74.2  00:00  67.6  23:30  00.0  06.6  00.00  05.0  06.0  07:10   NE
15  71.4  79.5  14:04  62.2  06:30  00.0  06.4  00.00  06.0  08.0  18:04   NE
16  73.0  81.7  15:05  64.6  06:25  00.0  08.0  00.00  09.0  09.0  14:05  ENE
17  71.1  81.7  16:20  60.3  06:20  00.0  06.1  00.00  04.0  05.0  13:20   E
18  71.7  83.1  13:15  59.5  06:50  00.0  06.7  00.00  03.0  05.0  18:20   NE
19  72.5  84.3  15:09  60.8  06:55  00.0  07.5  00.00  08.0  13.0  11:39   E
20  74.0  81.0  14:25  66.9  02:30  00.0  09.0  00.00  09.0  11.0  17:50   E
21  74.0  82.0  16:00  68.3  03:20  00.0  09.0  00.00  07.0  07.0  01:00  ESE
22  80.4  91.8  14:40  69.7  06:40  00.0  15.4  00.00  10.0  13.0  13:15   S
23  76.1  81.6  17:01  71.2  05:39  00.0  11.1  00.00  08.0  10.0  12:41  ENE
24  72.3  79.7  14:34  66.5  23:55  00.0  07.3  00.00  07.0  10.0  09:29  ENE
25  71.6  80.4  14:35  62.0  06:55  00.0  06.6  00.00  07.0  10.0  10:20  ENE
26  72.7  82.9  15:30  61.4  07:05  00.0  07.0  00.00  05.0  08.0  17:20   E
27  78.3  91.8  13:20  65.0  06:50  00.0  13.3  00.00  10.0  11.0  17:35  SSE
28  84.1  96.1  15:00  74.0  23:45  00.0  19.1  00.00  08.0  21.0  18:50  WSW
29  78.2  86.1  14:25  66.3  23:55  00.0  13.2  00.00  07.0  08.0  10:25  ENE
30  75.6  87.8  16:00  58.6  07:10  00.0  10.6  00.00  08.0  10.0  13:56  ESE
31  79.3  90.1  15:39  70.2  07:10  00.0  14.3  00.00  08.0  12.0  16:49   S
-----------------------------------------------------------------------------
    77.0  98.9  day 4  58.6  day 30 00.0  368.3 00.00  7.0   21.0 day 28  ESE
Max <= 32:
Min <= 86:
Min <=  0:
Max <= 23:
Min <= 23:
Max <= 14:
Min <= 14:
Min <=  5:
Min <=  0:
Min <= -4:
Max Rain: 0.00 ON 01-08-08
Days of Rain: 0 (> .008in) 0 (> .08in) 0 (> 0.8in)