NOAA-Style Climate Reports


Report for 2008 June
                   MONTHLY CLIMATOLOGICAL SUMMARY for JUN. 2008

NAME: CW9610   CITY: McLouth STATE: KS
ELEV: 1138 LAT: 039:11:41 LONG: 0095:14:18

                   TEMPERATURE ( °F), RAIN (in.), WIND SPEED (mph)

                                        HEAT   COOL           AVG
     MEAN                               DEG    DEG            WIND                  DOM
DAY  TEMP  HIGH  TIME    LOW    TIME    DAYS   DAYS   RAIN    SPEED  HIGH   TIME    DIR
---------------------------------------------------------------------------------------
01  75.0   84.2  15:08   64.1   05:39   00.0   10.0   00.00   09.0   09.0   14:10    SE
02  71.5   78.8  18:05   64.6   05:30   00.0   06.5   00.00   13.0   16.0   11:49   SSE
03  79.5   87.0  15:09   70.7   03:35   00.0   14.5   00.00   11.0   13.0   04:05   SSW
04  78.6   87.0  14:50   68.1   05:54   00.0   13.6   00.00   12.0   20.0   17:10    S
05  78.7   81.7  16:44   67.8   23:50   00.0   13.7   00.00   23.0   23.0   17:15    S
06  72.8   79.5  15:40   64.1   03:30   00.0   07.8   00.00   13.0   14.0   01:35    SW
07  80.4   85.7  15:34   73.6   00:00   00.0   15.4   00.00   23.0   23.0   06:05   SSW
08  78.9   85.8  16:14   69.4   19:15   00.0   13.9   00.00   18.0   24.0   07:15   SSW
09  66.6   71.2  17:17   61.6   08:12   00.0   01.6   00.00   07.0   09.0   06:50   SSW
10  71.1   80.3  14:25   62.2   05:45   00.0   06.1   00.00   14.0   16.0   14:19   SSW
11  76.3   84.4  15:49   69.5   06:14   00.0   11.3   00.00   17.0   25.0   09:05    S
12  72.5   81.5  16:09   63.0   07:39   00.0   07.5   00.00   11.0   12.0   15:24    S
13  71.1   79.7  15:22   65.3   23:56   00.0   06.1   00.00   07.0   07.0   14:27    SW
14  71.7   82.9  14:20   59.1   05:46   00.0   06.7   00.00   08.0   09.0   09:15    SW
15  73.1   81.0  11:09   66.7   13:54   00.0   08.1   00.00   14.0   14.0   10:45    SE
16  71.0   75.3  14:04   64.4   23:55   00.0   06.0   00.00   07.0   10.0   07:54   ENE
17  69.0   78.4  13:58   57.4   05:54   00.0   04.0   00.00   03.0   04.0   07:29    NE
18  72.6   81.6  14:54   62.6   05:39   00.0   07.6   00.00   06.0   08.0   16:33   ESE
19  72.9   85.4  14:19   64.1   05:55   00.0   07.9   00.00   06.0   13.0   16:41    SE
20  71.3   81.3  16:21   60.7   06:30   00.0   06.3   00.00   06.0   09.0   01:25   ENE
21  75.0   83.2  15:24   65.6   06:10   00.0   10.0   00.00   10.0   11.0   15:53    NE
22  73.3   84.5  13:54   64.6   03:30   00.0   08.3   00.00   10.0   12.0   04:14    N
23  76.3   85.0  16:14   68.6   03:25   00.0   11.3   00.00   06.0   10.0   10:59    SE
24  78.1   83.7  18:57   72.1   06:29   00.0   13.1   00.00   05.0   08.0   23:10    SE
25  84.2   90.9  15:04   73.8   05:20   00.0   19.2   00.00   12.0   12.0   12:19    SW
26  83.1   89.6  16:29   76.0   06:40   00.0   18.1   00.00   12.0   14.0   11:55    S
27  79.0   86.7  16:39   67.3   06:20   00.0   14.0   00.00   11.0   13.0   03:55   WSW
28  74.3   83.8  15:39   68.4   06:35   00.0   09.3   00.00   07.0   10.0   14:14   NNW
29  73.7   82.1  14:34   65.5   06:14   00.0   08.7   00.00   07.0   12.0   11:59   NNE
30  73.3   83.9  15:39   61.4   06:10   00.0   08.3   00.00   04.0   05.0   11:59   NNE

---------------------------------------------------------------------------------------
    75.0  90.9  day 25   57.4  day 17   00.0  294.9   00.00   10.0   25.0   day 11  SSE
Max <=32: 0
Min <=86: 30
Min <=0: 0
Max <=23: 0
Min <=23: 0
Max <=14: 0
Min <=14: 0
Min <=5: 0
Min <=0: 0
Min <=-4: 0
Max Rain: 0.00 ON 01-06-08
Days of Rain: 0 (> .008in) 0 (> .08in) 0 (> 0.8in)