NOAA-Style Climate Reports


Report for 2019 June
                   Monthly Climatological Summary for Jun 2019

Name: CW9610   City: McLouth   State: KS
Elevation: 1151 ft  Lat: N 39 11 39   Lon: W 095 14 17

                  Temperature (°F), Rain (in), Wind Speed (mph)

                                      Heat  Cool        Avg
    Mean                              Deg   Deg         Wind                 Dom
Day Temp  High   Time   Low    Time   Days  Days  Rain  Speed High   Time    Dir
----------------------------------------------------------------------------------
01  74.4  88.0  2:25PM  62.3  6:23AM   0.4  24.3  0.00   1.4  11.0  5:25PM   WNW
02  69.5  78.4  4:01PM  59.3  6:19AM   0.8  19.5  0.00   1.1   9.0 10:20AM   NNE
03  70.9  84.2  4:24PM  59.7  5:43AM   1.1  20.8  0.60   0.6  11.0 12:18PM     E
04  75.2  87.4  4:13PM  65.3  3:07AM   0.0  25.1  0.01   0.1  10.0  4:59PM   WSW
05  79.8  93.5  3:10PM  69.8  5:54AM   0.0  29.7  0.00   0.9  12.0  9:31AM   WSW
06  73.7  82.5  1:21PM  64.9  5:45AM   0.0  23.6  1.61   0.4   9.0  3:44AM   ENE
07  76.3  86.0  3:48PM  66.6  6:03AM   0.0  26.2  0.00   1.5  10.0  2:20PM   ENE
08  76.6  87.4  4:12PM  64.7  6:23AM   0.0  26.5  0.00   0.5   7.0  2:37PM     E
09  68.1  72.9  4:09PM  60.3 11:55PM   0.3  18.0  0.00   4.0  15.0 11:39AM   NNW
10  66.1  78.0  3:55PM  52.3  6:01AM   3.3  16.0  0.00   1.6  11.0 11:58AM    NW
11  68.0  81.4  2:41PM  55.4  5:46AM   2.9  18.0  0.17   0.1  14.0  7:41PM     W
12  63.8  74.5  2:57PM  56.7 11:55PM   2.8  13.8  0.11   3.1  15.0  4:34PM    NW
13  66.5  81.8  4:32PM  52.2  6:11AM   3.7  16.4  0.00   0.2   8.0  1:37PM     W
14  70.0  82.3  4:20PM  59.2  8:25AM   1.0  20.0  0.05   0.4  11.0  2:18PM    SW
15  75.9  86.1  3:53PM  65.9  6:51AM   0.0  25.9  0.06   2.2  16.0  5:02AM   WSW
16  74.9  85.7  3:04PM  65.3  6:31AM   0.0  24.8  0.00   0.5   7.0 11:26AM    NW
17  74.1  83.3  3:37PM  66.8  5:58AM   0.0  24.1  0.00   1.1   9.0  8:23AM   ENE
18  70.7  80.8  1:40PM  62.7  6:10AM   0.1  20.6  0.40   0.3   8.0  2:54PM     E
----------------------------------------------------------------------------------
    71.9  93.5     5    52.2    13    16.4 393.3  3.01   1.1  16.0    15     NNW

Max >=  80.0 14
Max <=  90.0 17
Min <=  32.0  0
Min <=  10.0  0
Max Rain: 1.61 on day 6
Days of Rain: 3 (>= 0.20 in)  0 (>= 2.00 in)  0 (>= 20.00 in)
Heat Base: 65.0  Cool Base: 50.0  Method: Integration