NOAA-Style Climate Reports


Report for 2018 December
                   Monthly Climatological Summary for Dec 2018

Name: CW9610   City: McLouth   State: KS
Elevation: 1151 ft  Lat: N 39 11 39   Lon: W 095 14 17

                  Temperature (°F), Rain (in), Wind Speed (mph)

                                      Heat  Cool        Avg
    Mean                              Deg   Deg         Wind                 Dom
Day Temp  High   Time   Low    Time   Days  Days  Rain  Speed High   Time    Dir
----------------------------------------------------------------------------------
01  42.6  50.3  9:01AM  34.6  9:57PM  22.3   0.0  0.66   7.5  34.0 12:43AM   SSE
02  33.0  35.6 12:38AM  29.0 11:53PM  32.0   0.0  0.03   8.7  22.0  5:46AM   WNW
03  27.1  29.0 12:00AM  25.8 10:39PM  37.9   0.0  0.00   6.8  17.0  5:30AM    NW
04  26.5  29.1  5:58PM  23.5  8:34AM  38.5   0.0  0.00   4.2  15.0  1:20PM     W
05  34.9  46.0  2:06PM  24.9  7:08AM  30.1   0.0  0.00   3.6  16.0  1:49PM    SW
06  28.7  38.2 12:51AM  18.5 11:54PM  36.3   0.0  0.00   6.0  20.0  9:30AM   NNW
07  23.4  30.5  2:52PM  17.4  6:04AM  41.5   0.0  0.00   2.4   9.0  7:59AM   ENE
08  25.1  35.0  2:00PM  17.3  7:51AM  39.9   0.0  0.00   4.8  17.0 11:38AM     E
09  26.8  39.3  4:09PM  16.6  7:11AM  38.1   0.0  0.00   0.5   6.0  1:25PM   ENE
10  31.2  43.7  3:03PM  20.8  6:23AM  33.8   0.0  0.00   1.9  14.0  2:13PM    SW
11  40.0  54.1  1:32PM  28.6 12:26AM  25.0   0.3  0.00   5.2  19.0  1:05PM   SSW
12  38.4  51.7  2:29PM  28.3  4:56AM  26.6   0.1  0.00   2.2  11.0 12:46PM    SW
13  38.5  43.6  4:49AM  34.0  9:32PM  26.5   0.0  0.00   6.6  22.0  8:33PM   NNW
14  35.7  45.2  3:04PM  29.5 11:50PM  29.2   0.0  0.00   6.7  21.0  3:22AM   NNW
15  40.2  55.4  3:11PM  24.3  7:28AM  24.8   0.6  0.00   1.5   7.0 12:07PM    NW
16  42.6  54.3  2:53PM  34.1  7:32AM  22.4   0.5  0.00   3.3  13.0 12:37PM   WNW
17  42.0  55.0  3:00PM  32.1  8:06AM  22.9   0.7  0.00   1.4   8.0 11:38AM     W
----------------------------------------------------------------------------------
    33.9  55.4    15    16.6     9   527.8   2.2  0.69   4.3  34.0     1     WNW

Max >=  80.0  0
Max <=  90.0 17
Min <=  32.0 13
Min <=  10.0  0
Max Rain: 0.66 on day 1
Days of Rain: 1 (>= 0.20 in)  0 (>= 2.00 in)  0 (>= 20.00 in)
Heat Base: 65.0  Cool Base: 50.0  Method: Integration