NOAA-Style Climate Reports


Report for 2020 January
                   Monthly Climatological Summary for Jan 2020

Name: CW9610   City: McLouth   State: KS
Elevation: 1151 ft  Lat: N 39 11 39   Lon: W 095 14 17

                  Temperature (°F), Rain (in), Wind Speed (mph)

                                      Heat  Cool        Avg
    Mean                              Deg   Deg         Wind                 Dom
Day Temp  High   Time   Low    Time   Days  Days  Rain  Speed High   Time    Dir
----------------------------------------------------------------------------------
01  40.5  55.1  2:25PM  26.3  6:55AM  24.4   0.8  0.00   6.2  29.0  3:01PM   SSW
02  42.0  52.1  2:48PM  37.0 11:52PM  23.0   0.1  0.00   5.2  16.0 10:54PM     W
03  37.1  47.0  2:14PM  29.8  8:00AM  27.9   0.0  0.00   6.8  22.0  9:56PM   WNW
04  33.7  43.9  4:00PM  24.1  8:00AM  31.3   0.0  0.00   5.6  20.0  2:03AM     W
05  41.1  50.7  2:36PM  33.0 11:59PM  23.9   0.0  0.00   6.6  27.0 12:40PM   WNW
06  35.4  45.2  4:12PM  29.7  4:43AM  29.6   0.0  0.00   3.0  14.0  9:18PM     W
07  39.1  54.0  3:24PM  27.7  7:59AM  25.8   0.3  0.00   4.3  21.0  3:30PM   WSW
08  40.7  52.0  3:50PM  28.7  7:56AM  24.3   0.1  0.00   7.9  24.0  8:50AM   ESE
09  52.1  62.6  1:01PM  41.5  9:54PM  12.8   3.6  0.00   9.1  32.0  4:34AM   SSW
10  31.5  42.2 12:00AM  18.3 11:53PM  33.5   0.0  0.72   4.5  23.0  1:23PM   NNE
11  15.7  18.4 12:10AM  11.6  9:37AM  49.0   0.0  0.00   0.0   0.0 12:00AM     N
12  24.2  30.0 10:55PM  17.5 12:00AM  40.7   0.0  0.00   0.0   0.0 12:00AM     N
13  34.4  46.1  7:35PM  20.9  6:16AM  30.6   0.0  0.12   2.7  20.0  7:30PM   SSE
14  41.2  47.2  3:55PM  34.5  9:19AM  23.8   0.0  0.01   3.8  15.0  7:49PM     E
15  34.0  46.1  8:59AM  15.4 11:57PM  31.0   0.0  0.00   7.3  23.0 10:33AM   NNW
16  16.1  22.4 11:55PM   8.7  7:49AM  48.9   0.0  0.00   7.0  23.0 10:45PM    NE
17  30.0  37.7 11:57PM  22.4 12:00AM  35.0   0.0  0.08   5.7  16.0  5:07AM   ESE
18  28.8  41.4  1:56AM  20.4  8:52AM  36.2   0.0  0.11   9.2  31.0  5:15AM   WNW
19  13.8  23.5 12:00AM   9.5 10:35PM  50.6   0.0  0.00   7.9  22.0  5:19AM    NW
20  12.1  17.6  2:07PM   6.2 11:47PM  52.9   0.0  0.00   3.9  13.0  2:37PM     N
21  18.4  32.7 11:59PM   5.4  1:49AM  46.7   0.0  0.00   4.5  16.0 11:51PM   SSE
22  33.2  34.8  4:34AM  32.4  6:34AM  31.8   0.0  0.21   6.2  18.0 11:36AM     S
23  33.2  34.5 11:00AM  31.2 11:54PM  31.8   0.0  0.04   4.1  13.0  8:26PM   WNW
----------------------------------------------------------------------------------
    31.7  62.6     9     5.4    21   765.5   4.9  1.29   5.3  32.0     9       W

Max >=  80.0  0
Max <=  90.0 23
Min <=  32.0 18
Min <=  10.0  4
Max Rain: 0.72 on day 10
Days of Rain: 2 (>= 0.20 in)  0 (>= 2.00 in)  0 (>= 20.00 in)
Heat Base: 65.0  Cool Base: 50.0  Method: Integration