NOAA-Style Climate Reports


Report for 2016 May
                   Monthly Climatological Summary for May 2016

Name: CW9610   City: McLouth   State: KS - USA
Elevation: 1151 ft  Lat: N 39° 11' 41"   Lon: W 095° 14' 18"

                  Temperature (°F), Rain (in), Wind Speed (mph)

                                      Heat  Cool        Avg
    Mean                              Deg   Deg         Wind                 Dom
Day Temp  High   Time   Low    Time   Days  Days  Rain  Speed High   Time    Dir
----------------------------------------------------------------------------------
 1  51.6  58.2   13:15  46.5   06:43  13.4   0.0  0.00   3.8  16.0   14:44    NW
 2  51.2  59.1   18:34  46.8   04:51  13.7   0.0  0.00   2.3  11.0   11:47   NNW
 3  58.4  70.2   17:42  46.4   06:29   7.5   0.9  0.00   1.7  13.0   14:21     W
 4  60.2  68.3   16:35  52.4   06:38   5.3   0.6  0.00   5.6  19.0   12:54    NW
 5  62.0  73.1   17:40  48.9   06:10   5.3   2.3  0.00   1.8  11.0   12:59     N
 6  67.8  81.5   16:40  52.9   06:31   3.0   5.8  0.00   3.8  16.0   14:46   SSW
 7  72.4  87.3   16:16  60.9   06:18   0.7   8.0  0.00   3.4  14.0   08:52    SW
 8  64.7  70.7   09:48  59.5   06:27   1.2   0.9  0.52   2.9  23.0   17:17    SE
 9  65.9  74.2   17:00  57.0   23:59   1.4   2.3  0.21   3.0  28.0   21:39   SSE
10  67.9  81.2   17:08  55.3   05:54   3.0   5.8  0.00   1.2  10.0   00:10     S
11  65.5  71.2   13:39  59.4   23:57   1.1   1.6  1.69   3.8  27.0   06:31    NE
12  61.8  70.1   17:58  51.4   06:24   4.3   1.1  0.00   3.8  19.0   15:45    NW
13  60.7  78.5   13:24  45.8   23:58   6.5   2.3  0.09   6.0  28.0   13:18     W
14  49.8  59.1   17:35  40.9   06:53  15.2   0.0  0.00   4.7  19.0   10:12    NW
15  54.1  64.8   15:04  43.1   06:37  10.9   0.0  0.13   1.4  13.0   14:04   ENE
16  50.6  52.4   16:57  48.9   02:57  14.3   0.0  0.84   5.3  19.0   20:26     E
17  52.9  60.2   17:59  48.9   04:04  12.1   0.0  0.13   6.2  18.0   03:58    NE
18  58.1  67.7   15:58  47.6   06:32   7.1   0.2  0.00   0.9  11.0   13:57   ENE
19  58.3  66.4   12:58  51.0   05:30   6.7   0.0  0.02   0.9  16.0   13:47   SSE
20  58.7  63.6   15:41  54.6   05:15   6.3   0.0  0.01   1.5  10.0   12:39     E
21  62.6  73.0   16:34  51.4   06:02   4.4   2.0  0.00   2.4  21.0   13:46     E
22  68.7  79.5   15:48  56.4   06:01   2.2   6.0  0.00   2.6  14.0   11:14   SSE
23  66.3  72.5   10:53  63.3   22:41   0.4   1.8  0.30   2.1  18.0   14:22     S
24  69.3  79.9   17:38  60.5   04:37   1.2   5.5  0.57   2.0  15.0   10:56     S
25  72.4  81.8   17:07  62.7   04:34   0.2   7.6  0.40   3.8  24.0   01:32     S
26  66.8  80.3   13:08  61.3   22:49   1.0   2.8  3.33   5.5  33.0   15:17   ENE
27  65.2  74.5   14:17  59.1   23:46   2.4   2.6  1.14   3.6  35.0   00:44     E
28  66.6  77.1   17:00  57.5   02:30   2.3   3.8  0.00   2.8  17.0   09:41    SW
29  73.5  87.2   15:38  60.3   05:24   0.6   9.0  0.00   1.8  10.0   12:52    SW
30  72.9  83.8   14:37  64.6   23:59   0.0   7.9  0.00   1.8  15.0   14:45     S
31  68.7  77.6   19:27  61.4   06:50   0.8   4.5  0.00   0.6  11.0   08:27     S
----------------------------------------------------------------------------------
    62.8  87.3     7    40.9    14   154.5  85.3  9.38   3.2  35.0    27     ESE

Max >=  70.0: 21
Max <=  40.0:  0
Min <=  32.0:  0
Min <=   5.0:  0
Max Rain: 3.33 on day 26
Days of Rain: 9 (>= 0.20 in)  1 (>= 2.00 in)  0 (>= 20.00 in)
Heat Base: 65.0  Cool Base: 65.0  Method: Integration