NOAA-Style Climate Reports


Report for 2008 July
                   MONTHLY CLIMATOLOGICAL SUMMARY for JUL. 2008

NAME: CW9610   CITY: McLouth STATE: KS
ELEV: 1138 LAT: 039:11:41 LONG: 0095:14:18

                   TEMPERATURE ( °F), RAIN (in.), WIND SPEED (mph)

                                    HEAT   COOL        AVG
    MEAN                            DEG    DEG         WIND               DOM
DAY TEMP  HIGH   TIME  LOW    TIME  DAYS   DAYS RAIN   SPEED  HIGH TIME   DIR
-----------------------------------------------------------------------------
01  76.0  87.9  15:55  60.3  05:50  00.0  11.0  00.00  10.0  14.0  14:40   S
02  82.7  91.9  14:26  72.2  23:55  00.0  17.7  00.00  09.0  13.0  12:41   SW
03  70.9  79.0  15:50  62.5  06:20  00.0  05.9  00.00  06.0  07.0  08:10   NE
04  73.0  80.2  13:34  62.0  06:09  00.0  08.0  00.00  07.0  08.0  11:15   E
05  73.2  81.1  18:19  64.7  05:10  00.0  08.2  00.00  09.0  10.0  16:54  SSE
06  83.9  95.7  15:01  74.3  06:29  00.0  18.9  00.00  04.0  05.0  03:25   SE
07  83.8  93.9  15:07  76.1  06:10  00.0  18.8  00.00  05.0  07.0  16:42   SE
08  77.8  87.8  12:20  71.2  23:50  00.0  12.8  00.00  04.0  04.0  00:00   SE
09  73.8  80.2  20:51  69.6  02:10  00.0  08.8  00.00  00.0  00.0  00:00   E
10  76.7  89.2  14:20  70.9  06:30  00.0  11.7  00.00  04.0  05.0  12:30   SE
11  86.0  91.0  15:37  80.2  10:17  00.0  21.0  00.00  06.0  09.0  13:37   SE
12  71.4  81.3  00:00  64.0  11:29  00.0  06.4  00.00  04.0  05.0  00:10  ESE
13  73.6  89.2  17:04  58.6  05:55  00.0  08.6  00.00  03.0  04.0  11:49   SE
14  76.5  88.5  14:55  63.9  06:39  00.0  11.5  00.00  04.0  05.0  13:35   SE
15  78.7  90.9  15:44  64.4  05:24  00.0  13.7  00.00  05.0  08.0  12:19   SE
16  79.4  90.5  15:16  67.1  06:35  00.0  14.4  00.00  06.0  08.0  15:16   SE
17  78.8  92.3  15:57  69.8  06:05  00.0  13.8  00.00  06.0  06.0  12:37  ESE
18  76.9  84.4  16:39  71.8  05:52  00.0  11.9  00.00  04.0  06.0  16:14   SE
19  82.7  93.9  17:00  71.1  06:16  00.0  17.7  00.00  05.0  06.0  15:50   SE
20  88.1  101.5 15:36  75.7  06:34  00.0  23.1  00.00  04.0  05.0  10:09   SE
21  87.8  102.4 15.43  75.0  04:54  00.0  22.8  00.00  04.0  05.0  12:08   SE
22  85.1  96.3  13:54  76.8  06:50  00.0  20.1  00.00  05.0  06.0  14:54  ESE
23  82.0  91.6  15:48  72.3  06:29  00.0  17.0  00.00  05.0  05.0  10:58  ENE
24  85.3  97.0  15:08  75.2  05:24  00.0  20.3  00.00  05.0  08.0  16:33   SE
25  83.8  94.6  15:22  73.4  07:14  00.0  18.8  00.00  04.0  05.0  05:24   SE
26  80.3  92.3  14:44  73.2  21:03  00.0  15.3  00.00  04.0  08.0  18:18   SE
27  83.5  96.1  15:44  69.4  06:30  00.0  18.5  00.00  04.0  06.0  11:20  SSE
28  75.2  81.0  14:20  68.7  10:20  00.0  10.2  00.00  03.0  06.0  10:50   E
29  75.2  80.2  13:38  71.2  20:53  00.0  10.2  00.00  03.0  04.0  13:14   S
30  73.1  77.4  18:38  70.3  06:29  00.0  08.1  00.00  00.0  00.0  00:00   E
31  72.3  80.2  13:18  69.3  05:59  00.0  07.3  00.00  00.0  04.0  13:03   E
----------------------------------------------------------------------------
    70.9  102.4 day 21 58.6  day 13 00.0  432.5 00.00  05.0  14.0  day 1   SE
Max <= 32: 0
Min <= 86: 31
Min <=  0: 0
Max <= 23: 0
Min <= 23: 0
Max <= 14: 0
Min <= 14: 0
Min <=  5: 0
Min <=  0: 0
Min <= -4: 0
Max Rain: 0.00 ON 01-07-08
Days of Rain: 0 (> .008in) 0 (> .08in) 0 (> 0.8in)