NOAA-Style Climate Reports


Report for 2019 April
                   Monthly Climatological Summary for Apr 2019

Name: CW9610   City: McLouth   State: KS
Elevation: 1151 ft  Lat: N 39 11 39   Lon: W 095 14 17

                  Temperature (°F), Rain (in), Wind Speed (mph)

                                      Heat  Cool        Avg
    Mean                              Deg   Deg         Wind                 Dom
Day Temp  High   Time   Low    Time   Days  Days  Rain  Speed High   Time    Dir
----------------------------------------------------------------------------------
01  43.1  55.7  4:12PM  31.6  6:22AM  21.9   1.0  0.00   4.6  19.0  2:30PM   SSW
02  46.0  54.8  5:22PM  39.4  6:59AM  18.9   0.6  0.00   3.3  19.0 10:16AM   WNW
03  55.3  64.8  5:19PM  46.5  7:34AM   9.7   6.1  0.00   4.0  18.0 12:40PM    SE
04  52.8  57.3  1:00AM  47.7 11:54PM  12.1   2.9  0.02   3.0  11.0  8:42AM     E
05  53.6  65.2  5:02PM  45.9  6:31AM  11.4   4.8  0.00   2.6  13.0  3:12PM    SE
06  61.1  74.7  3:42PM  50.0  6:42AM   6.1  11.0  0.65   4.6  17.0  1:22PM   SSE
07  62.4  73.2  3:57PM  56.6  1:48AM   3.9  12.4  0.01   4.1  21.0  5:34PM   WSW
08  66.2  80.6  4:56PM  50.5  7:17AM   3.8  16.1  0.00   2.2  14.0  4:31PM     W
09  65.6  75.4  4:17PM  54.1  7:06AM   2.5  15.5  0.00   5.2  18.0  3:36PM     E
10  70.3  83.9  5:01PM  55.3  7:12AM   2.1  20.2  0.00   8.6  26.0 11:51AM    SE
11  50.7  75.0  1:26AM  36.8 11:56PM  16.0   5.4  0.00  10.2  31.0  4:47PM    SW
12  41.5  54.0  4:56PM  31.2  6:52AM  23.5   0.5  0.00   6.5  22.0 11:18AM     W
13  44.6  53.6  3:50PM  32.5  6:45AM  20.4   0.6  0.00   4.9  18.0  3:02PM     N
14  46.6  57.1  5:53PM  35.4  7:13AM  18.3   1.4  0.00   5.2  17.0  2:31AM   NNW
15  59.9  76.6  3:46PM  42.4  3:49AM   8.1  11.8  0.00   4.5  21.0  1:50PM     S
16  68.5  81.6  3:56PM  56.7  6:48AM   1.5  16.9  0.00   5.0  19.0  4:10PM     S
17  67.3  75.1  6:12PM  53.9 11:58PM   0.7  17.2  0.38   5.4  25.0 10:03PM    SW
18  53.3  61.2  5:38PM  45.8  7:15AM  11.6   3.9  0.00   9.5  25.0  2:17PM   NNW
19  52.3  62.5  5:08PM  41.7  6:47AM  12.7   4.2  0.00   6.6  21.0  9:43AM   NNW
20  61.7  75.3  4:39PM  47.3  6:59AM   6.0  11.8  0.00   3.1  17.0  3:38PM   SSW
21  70.6  82.5  4:45PM  58.0  4:52AM   1.8  20.5  0.00   7.9  31.0 12:23PM     S
22  66.4  73.4  2:41PM  52.8 11:50PM   1.6  16.2  0.04   5.6  20.0  2:51AM   WSW
----------------------------------------------------------------------------------
    57.3  83.9    10    31.2    12   214.6 201.0  1.10   5.3  31.0    11      SW

Max >=  80.0  4
Max <=  90.0 22
Min <=  32.0  2
Min <=  10.0  0
Max Rain: 0.65 on day 6
Days of Rain: 2 (>= 0.20 in)  0 (>= 2.00 in)  0 (>= 20.00 in)
Heat Base: 65.0  Cool Base: 50.0  Method: Integration