NOAA-Style Climate Reports


Report for 2019 February
                   Monthly Climatological Summary for Feb 2019

Name: CW9610   City: McLouth   State: KS
Elevation: 1151 ft  Lat: N 39 11 39   Lon: W 095 14 17

                  Temperature (°F), Rain (in), Wind Speed (mph)

                                      Heat  Cool        Avg
    Mean                              Deg   Deg         Wind                 Dom
Day Temp  High   Time   Low    Time   Days  Days  Rain  Speed High   Time    Dir
----------------------------------------------------------------------------------
01  34.3  50.8  3:16PM  19.4  6:35AM  30.6   0.0  0.00   2.9  13.0  3:50PM   SSE
02  48.3  54.1  5:33PM  39.7 12:00AM  16.7   1.1  0.00   5.6  19.0  8:41PM   SSW
03  56.6  63.4  4:00PM  52.6 12:00AM   8.3   6.6  0.00   7.9  28.0 12:36AM     S
04  30.8  58.3  3:46AM  18.5 11:09PM  34.1   1.5  0.00   9.8  28.0  8:17AM   NNW
05  20.3  22.3  2:30PM  17.8  3:15AM  44.5   0.0  0.00   5.0  14.0  6:05AM   NNE
06  21.0  23.1  3:26PM  19.0  4:27AM  43.9   0.0  0.00   4.3  14.0 11:40PM     N
07  13.0  20.9 12:00AM   9.1  8:13AM  51.8   0.0  0.00  10.5  26.0  1:30PM    NW
08  12.1  20.2  4:03PM   4.4  7:30AM  52.8   0.0  0.00   4.1  16.0  1:53AM    NW
09  20.4  29.6  4:18PM  10.7  3:31AM  44.6   0.0  0.00   5.1  18.0  9:01AM    SE
10  32.5  35.7  4:19PM  28.6 12:00AM  32.4   0.0  0.03   3.1  14.0  3:58AM     S
11  32.2  33.0 12:00AM  29.1 11:57PM  32.7   0.0  0.25   6.3  17.0  4:31AM   ENE
12  30.7  36.5  3:15PM  27.2  4:23AM  34.3   0.0  0.00   7.2  22.0 12:00PM    NW
13  38.2  50.8  1:38PM  26.3  5:38AM  26.7   0.0  0.00   3.9  22.0  2:17PM     S
14  34.8  51.6 11:32AM  17.4 11:53PM  30.0   0.0  0.00   9.5  28.0  2:09PM    NW
15  12.9  17.4 12:00AM  11.4  7:21PM  51.3   0.0  0.00   6.8  17.0 12:25AM     N
16  18.5  25.4  4:14PM  12.3 12:00AM  46.3   0.0  0.00   5.9  22.0  4:46PM   ENE
17  22.3  26.2  3:05PM  16.0 11:58PM  42.7   0.0  0.00   6.3  20.0  6:51PM   WNW
18  16.5  23.4  4:50PM   9.3  7:13AM  48.4   0.0  0.00   4.8  14.0  2:14PM    NW
----------------------------------------------------------------------------------
    27.5  63.4     3     4.4     8   672.1   9.2  0.28   6.1  28.0     3      NW

Max >=  80.0  0
Max <=  90.0 18
Min <=  32.0 16
Min <=  10.0  3
Max Rain: 0.25 on day 11
Days of Rain: 1 (>= 0.20 in)  0 (>= 2.00 in)  0 (>= 20.00 in)
Heat Base: 65.0  Cool Base: 50.0  Method: Integration